{"id":9469,"date":"2017-09-05T11:48:52","date_gmt":"2017-09-05T11:48:52","guid":{"rendered":"https:\/\/original-militaria.com\/?post_type=product&#038;p=9469"},"modified":"2022-01-31T19:07:15","modified_gmt":"2022-01-31T18:07:15","slug":"mein-kampf-en-castellano","status":"publish","type":"product","link":"https:\/\/original-militaria.com\/en\/producto\/mein-kampf-en-castellano\/","title":{"rendered":"My struggle in Spanish&#8212;Mi lucha en Castellano"},"content":{"rendered":"<p align=\"justify\"><span style=\"font-family: Verdana\"><strong>ANTECEDENTES:<\/strong> Mein Kamps(Mi lucha) es un libro escrito por Adolf Hitler, combinando elementos autobiogr\u00e1ficos con una exposici\u00f3n de ideas propias de la ideolog\u00eda pol\u00edtica del nacionalsocialismo. El libro perfila las ideas principales que el r\u00e9gimen alem\u00e1n llevar\u00eda a t\u00e9rmino durante su gobierno. Especialmente prominente es el amor al pueblo alem\u00e1n de Hitler, perfilando entre otros pensamientos los protocolos de los sabios de Si\u00f3n. Por ejemplo, denunciaba que el esperanto era parte de un complot jud\u00edo, y argumenta sobre la vieja idea nacionalista alemana de Drang nach Osten: (Incentiva hacia el Este) la necesidad de ganar Lebensraum (&#8220;espacio vital&#8221;) hacia el este, especialmente en Rusia.<\/span><\/p>\n<p align=\"justify\"><span style=\"font-family: Verdana\"><strong>DESCRIPCION:<\/strong> Mi lucha, editado en 2003 en espa\u00f1ol, sin estrenar, con 278 paginas de texto y 3 con fotos en B\/N. No se encuentran ya.<\/span><\/p>\n","protected":false},"excerpt":{"rendered":"<p align=\"justify\"><span style=\"font-family: Verdana\"><strong>ANTECEDENTES:<\/strong> Mein Kamps(Mi lucha) es un libro escrito por Adolf Hitler, combinando elementos autobiogr\u00e1ficos con una exposici\u00f3n de ideas propias de la ideolog\u00eda pol\u00edtica del nacionalsocialismo. El libro perfila las ideas principales que el r\u00e9gimen alem\u00e1n llevar\u00eda a t\u00e9rmino durante su gobierno. Especialmente prominente es el amor al pueblo alem\u00e1n de Hitler, perfilando entre otros pensamientos los protocolos de los sabios de Si\u00f3n. Por ejemplo, denunciaba que el esperanto era parte de un complot jud\u00edo, y argumenta sobre la vieja idea nacionalista alemana de Drang nach Osten: (Incentiva hacia el Este) la necesidad de ganar Lebensraum (&#8220;espacio vital&#8221;) hacia el este, especialmente en Rusia.<\/span><\/p>\n<p align=\"justify\"><span style=\"font-family: Verdana\"><strong>DESCRIPCION:<\/strong> Mi lucha, editado en 2003 en espa\u00f1ol, sin estrenar, con 278 paginas de texto y 3 con fotos en B\/N. No se encuentran ya.<\/span><\/p>\n","protected":false},"featured_media":9470,"template":"","meta":[],"product_brand":[],"product_cat":[224],"product_tag":[],"class_list":{"0":"post-9469","1":"product","2":"type-product","3":"status-publish","4":"has-post-thumbnail","6":"product_cat-archivo-vendidos","7":"sales-flash-overlay","8":"woocommerce-text-align-center","9":"woocommerce-image-align-center","10":"do-quantity-buttons","12":"first","13":"outofstock","14":"purchasable","15":"product-type-simple"},"_links":{"self":[{"href":"https:\/\/original-militaria.com\/en\/wp-json\/wp\/v2\/product\/9469","targetHints":{"allow":["GET"]}}],"collection":[{"href":"https:\/\/original-militaria.com\/en\/wp-json\/wp\/v2\/product"}],"about":[{"href":"https:\/\/original-militaria.com\/en\/wp-json\/wp\/v2\/types\/product"}],"wp:featuredmedia":[{"embeddable":true,"href":"https:\/\/original-militaria.com\/en\/wp-json\/wp\/v2\/media\/9470"}],"wp:attachment":[{"href":"https:\/\/original-militaria.com\/en\/wp-json\/wp\/v2\/media?parent=9469"}],"wp:term":[{"taxonomy":"product_brand","embeddable":true,"href":"https:\/\/original-militaria.com\/en\/wp-json\/wp\/v2\/product_brand?post=9469"},{"taxonomy":"product_cat","embeddable":true,"href":"https:\/\/original-militaria.com\/en\/wp-json\/wp\/v2\/product_cat?post=9469"},{"taxonomy":"product_tag","embeddable":true,"href":"https:\/\/original-militaria.com\/en\/wp-json\/wp\/v2\/product_tag?post=9469"}],"curies":[{"name":"wp","href":"https:\/\/api.w.org\/{rel}","templated":true}]}}

<p align="justify"><span style="font-family: Verdana"><strong>ANTECEDENTES:</strong> Mein Kamps(Mi lucha) es un libro escrito por Adolf Hitler, combinando elementos autobiográficos con una exposición de ideas propias de la ideología política del nacionalsocialismo. El libro perfila las ideas principales que el régimen alemán llevaría a término durante su gobierno. Especialmente prominente es el amor al pueblo alemán de Hitler, perfilando entre otros pensamientos los protocolos de los sabios de Sión. Por ejemplo, denunciaba que el esperanto era parte de un complot judío, y argumenta sobre la vieja idea nacionalista alemana de Drang nach Osten: (Incentiva hacia el Este) la necesidad de ganar Lebensraum (&#8220;espacio vital&#8221;) hacia el este, especialmente en Rusia.</span></p>
<p align="justify"><span style="font-family: Verdana"><strong>DESCRIPCION:</strong> Mi lucha, editado en 2003 en español, sin estrenar, con 278 paginas de texto y 3 con fotos en B/N. No se encuentran ya.</span></p>
