{"id":9185,"date":"2017-09-05T11:47:37","date_gmt":"2017-09-05T11:47:37","guid":{"rendered":"https:\/\/original-militaria.com\/?post_type=product&#038;p=9185"},"modified":"2025-12-09T11:40:33","modified_gmt":"2025-12-09T10:40:33","slug":"emblema-de-pecho-de-oficial-prisioneros-zona-roja","status":"publish","type":"product","link":"https:\/\/original-militaria.com\/en\/producto\/emblema-de-pecho-de-oficial-prisioneros-zona-roja\/","title":{"rendered":"Emblema de Pecho de Oficial Prisioneros Zona Roja"},"content":{"rendered":"<p align=\"justify\"><span style=\"font-size: medium;\"><span style=\"font-family: Verdana;\"><strong>ANTECEDENTES:<\/strong> La guerra civil que tuvo lugar en Espa\u00f1a entre el pronunciamiento del 17 y 18 de julio de 1936 y el \u00faltimo parte de guerra firmado por Francisco Franco el 1 de abril de 1939. Los bandos en contienda se denominaron a s\u00ed mismos bando nacional (el vencedor, organizado en torno a los militares sublevados) y bando republicano (el perdedor, que se fue constituyendo en torno al gobierno de la Segunda Rep\u00fablica Espa\u00f1ola, ejercido por el Frente Popular desde las elecciones de febrero de 1936); mientras que recib\u00edan de su contrario los adjetivos de fascista y rojo. La falange instituyo una distinci\u00f3n de &#8220;Excautivos&#8221; para todos aquellos que sufrieron por su ideario falangista cautividad. <\/span><\/span><\/p>\n<p align=\"justify\"><span style=\"font-size: medium;\"><span style=\"font-family: Verdana;\"><strong>DESCRIPCION:<\/strong> Uno de las mejores emblemas que he visto nunca de <span style=\"color: #000000;\"><strong>&#8220;Excautivos&#8221;<\/strong> de la zona roja para oficiales, muy principio de los a\u00f1os 40, quitada de uniforme, bordada a mano, tiene cruz de brazos bordada a mano en fino hilo de oro, con el emblema de falange tambi\u00e9n bordado en rojo en el centro y cadena bordad en hilo de plata, rotos sus extremos sobre el brazo y sus laterales. En el reverso podemos ver todav\u00eda la manufactura del fabricante de la calle <strong>&#8220;Aguilera 68 de Madrid&#8221;<\/strong>.<\/span> Una excepcional pieza de coleccionismo espa\u00f1ol de guerra civil.<\/span><\/span><\/p>\n<p>&nbsp;<\/p>\n","protected":false},"excerpt":{"rendered":"<p align=\"justify\"><span style=\"font-size: medium;\"><span style=\"font-family: Verdana;\"><strong>ANTECEDENTES:<\/strong> La guerra civil que tuvo lugar en Espa\u00f1a entre el pronunciamiento del 17 y 18 de julio de 1936 y el \u00faltimo parte de guerra firmado por Francisco Franco el 1 de abril de 1939. Los bandos en contienda se denominaron a s\u00ed mismos bando nacional (el vencedor, organizado en torno a los militares sublevados) y bando republicano (el perdedor, que se fue constituyendo en torno al gobierno de la Segunda Rep\u00fablica Espa\u00f1ola, ejercido por el Frente Popular desde las elecciones de febrero de 1936); mientras que recib\u00edan de su contrario los adjetivos de fascista y rojo. La falange instituyo una distinci\u00f3n de &#8220;Excautivos&#8221; para todos aquellos que sufrieron por su ideario falangista cautividad. <\/span><\/span><\/p>\n<p align=\"justify\"><span style=\"font-size: medium;\"><span style=\"font-family: Verdana;\"><strong>DESCRIPCION:<\/strong> Uno de las mejores emblemas que he visto nunca de <span style=\"color: #ff0000;\">&#8220;Excautivos&#8221;<\/span> de la zona roja para oficiales, muy principio de los a\u00f1os 40, quitada de uniforme, bordada a mano, tiene cruz de brazos bordada a mano en fino hilo de oro, con el emblema de falange tambi\u00e9n bordado en rojo en el centro y cadena bordad en hilo de plata, rotos sus extremos sobre el brazo y sus laterales. En el reverso podemos ver todav\u00eda la manufactura del fabricante de la calle <span style=\"color: #ff0000;\">&#8220;Aguilera 68 de Madrid&#8221;<\/span>. Una excepcional pieza de coleccionismo espa\u00f1ol de guerra civil.<\/span><\/span><\/p>\n<p>&nbsp;<\/p>\n","protected":false},"featured_media":9186,"template":"","meta":[],"product_brand":[],"product_cat":[194],"product_tag":[],"class_list":{"0":"post-9185","1":"product","2":"type-product","3":"status-publish","4":"has-post-thumbnail","6":"product_cat-guerra-civil","7":"sales-flash-overlay","8":"woocommerce-text-align-center","9":"woocommerce-image-align-center","10":"do-quantity-buttons","12":"first","13":"instock","14":"purchasable","15":"product-type-simple"},"_links":{"self":[{"href":"https:\/\/original-militaria.com\/en\/wp-json\/wp\/v2\/product\/9185","targetHints":{"allow":["GET"]}}],"collection":[{"href":"https:\/\/original-militaria.com\/en\/wp-json\/wp\/v2\/product"}],"about":[{"href":"https:\/\/original-militaria.com\/en\/wp-json\/wp\/v2\/types\/product"}],"wp:featuredmedia":[{"embeddable":true,"href":"https:\/\/original-militaria.com\/en\/wp-json\/wp\/v2\/media\/9186"}],"wp:attachment":[{"href":"https:\/\/original-militaria.com\/en\/wp-json\/wp\/v2\/media?parent=9185"}],"wp:term":[{"taxonomy":"product_brand","embeddable":true,"href":"https:\/\/original-militaria.com\/en\/wp-json\/wp\/v2\/product_brand?post=9185"},{"taxonomy":"product_cat","embeddable":true,"href":"https:\/\/original-militaria.com\/en\/wp-json\/wp\/v2\/product_cat?post=9185"},{"taxonomy":"product_tag","embeddable":true,"href":"https:\/\/original-militaria.com\/en\/wp-json\/wp\/v2\/product_tag?post=9185"}],"curies":[{"name":"wp","href":"https:\/\/api.w.org\/{rel}","templated":true}]}}

<p align="justify"><span style="font-size: medium;"><span style="font-family: Verdana;"><strong>ANTECEDENTES:</strong> La guerra civil que tuvo lugar en España entre el pronunciamiento del 17 y 18 de julio de 1936 y el último parte de guerra firmado por Francisco Franco el 1 de abril de 1939. Los bandos en contienda se denominaron a sí mismos bando nacional (el vencedor, organizado en torno a los militares sublevados) y bando republicano (el perdedor, que se fue constituyendo en torno al gobierno de la Segunda República Española, ejercido por el Frente Popular desde las elecciones de febrero de 1936); mientras que recibían de su contrario los adjetivos de fascista y rojo. La falange instituyo una distinción de &#8220;Excautivos&#8221; para todos aquellos que sufrieron por su ideario falangista cautividad. </span></span></p>
<p align="justify"><span style="font-size: medium;"><span style="font-family: Verdana;"><strong>DESCRIPCION:</strong> Uno de las mejores emblemas que he visto nunca de <span style="color: #000000;"><strong>&#8220;Excautivos&#8221;</strong> de la zona roja para oficiales, muy principio de los años 40, quitada de uniforme, bordada a mano, tiene cruz de brazos bordada a mano en fino hilo de oro, con el emblema de falange también bordado en rojo en el centro y cadena bordad en hilo de plata, rotos sus extremos sobre el brazo y sus laterales. En el reverso podemos ver todavía la manufactura del fabricante de la calle <strong>&#8220;Aguilera 68 de Madrid&#8221;</strong>.</span> Una excepcional pieza de coleccionismo español de guerra civil.</span></span></p>
<p>&nbsp;</p>

<p align="justify"><span style="font-size: medium;"><span style="font-family: Verdana;"><strong>ANTECEDENTES:</strong> La guerra civil que tuvo lugar en España entre el pronunciamiento del 17 y 18 de julio de 1936 y el último parte de guerra firmado por Francisco Franco el 1 de abril de 1939. Los bandos en contienda se denominaron a sí mismos bando nacional (el vencedor, organizado en torno a los militares sublevados) y bando republicano (el perdedor, que se fue constituyendo en torno al gobierno de la Segunda República Española, ejercido por el Frente Popular desde las elecciones de febrero de 1936); mientras que recibían de su contrario los adjetivos de fascista y rojo. La falange instituyo una distinción de &#8220;Excautivos&#8221; para todos aquellos que sufrieron por su ideario falangista cautividad. </span></span></p>
<p align="justify"><span style="font-size: medium;"><span style="font-family: Verdana;"><strong>DESCRIPCION:</strong> Uno de las mejores emblemas que he visto nunca de <span style="color: #ff0000;">&#8220;Excautivos&#8221;</span> de la zona roja para oficiales, muy principio de los años 40, quitada de uniforme, bordada a mano, tiene cruz de brazos bordada a mano en fino hilo de oro, con el emblema de falange también bordado en rojo en el centro y cadena bordad en hilo de plata, rotos sus extremos sobre el brazo y sus laterales. En el reverso podemos ver todavía la manufactura del fabricante de la calle <span style="color: #ff0000;">&#8220;Aguilera 68 de Madrid&#8221;</span>. Una excepcional pieza de coleccionismo español de guerra civil.</span></span></p>
<p>&nbsp;</p>
