{"id":9086,"date":"2017-09-05T11:47:08","date_gmt":"2017-09-05T11:47:08","guid":{"rendered":"https:\/\/original-militaria.com\/?post_type=product&#038;p=9086"},"modified":"2018-03-12T10:03:20","modified_gmt":"2018-03-12T10:03:20","slug":"bandera-requete-a-dos-caras-de-guerra-civil","status":"publish","type":"product","link":"https:\/\/original-militaria.com\/en\/producto\/bandera-requete-a-dos-caras-de-guerra-civil\/","title":{"rendered":"Bandera Requet\u00e9 a dos Caras de Guerra Civil"},"content":{"rendered":"<p align=\"justify\"><span style=\"font-family: Verdana;font-size: medium\"><strong>ANTECEDENTES:<\/strong> La Bandera con la Cruz de Borgo\u00f1a, que fue se\u00f1a de nuestra identidad durante m\u00e1s de 300 a\u00f1os. Estas banderas estaban confeccionadas de diversos pa\u00f1os y tejidos y de forma artesanal casi siempre.<\/span><\/p>\n<p align=\"justify\"><span style=\"font-family: Verdana;font-size: medium\"><strong>DESCRIPCION:<\/strong> Bandera para Requet\u00e9s o Carlistas de Guerra Civil. Fabricada en algod\u00f3n de forma artesanal, en el centro sobre fondo blanco la Cruz de Borgo\u00f1a bordada a dos caras, dos\u00a0arandelas\u00a0de plastico para colgar. Muy\u00a0buen estado. <\/span><\/p>\n<p align=\"justify\"><span style=\"font-family: Verdana;font-size: medium\">Mide\u00a0200 cm de largo X 120 cm de ancho.<br \/>\n<\/span><\/p>\n","protected":false},"excerpt":{"rendered":"<p align=\"justify\"><span style=\"font-family: Verdana;font-size: medium\"><strong>ANTECEDENTES:<\/strong> La Bandera con la Cruz de Borgo\u00f1a, que fue se\u00f1a de nuestra identidad durante m\u00e1s de 300 a\u00f1os. Estas banderas estaban confeccionadas de diversos pa\u00f1os y tejidos y de forma artesanal casi siempre.<\/span><\/p>\n<p align=\"justify\"><span style=\"font-family: Verdana;font-size: medium\"><strong>DESCRIPCION:<\/strong> Bandera para Requet\u00e9s o Carlistas de Guerra Civil. Fabricada en algod\u00f3n de forma artesanal, en el centro sobre fondo blanco la Cruz de Borgo\u00f1a bordada a dos caras, dos\u00a0arandelas\u00a0de plastico para colgar. Muy\u00a0buen estado. <\/span><\/p>\n<p align=\"justify\"><span style=\"font-family: Verdana;font-size: medium\">Mide\u00a0200 cm de largo X 120 cm de ancho.<br \/>\n<\/span><\/p>\n","protected":false},"featured_media":9087,"template":"","meta":[],"product_brand":[],"product_cat":[194],"product_tag":[],"class_list":{"0":"post-9086","1":"product","2":"type-product","3":"status-publish","4":"has-post-thumbnail","6":"product_cat-guerra-civil","7":"sales-flash-overlay","8":"woocommerce-text-align-center","9":"woocommerce-image-align-center","10":"do-quantity-buttons","12":"first","13":"instock","14":"purchasable","15":"product-type-simple"},"_links":{"self":[{"href":"https:\/\/original-militaria.com\/en\/wp-json\/wp\/v2\/product\/9086","targetHints":{"allow":["GET"]}}],"collection":[{"href":"https:\/\/original-militaria.com\/en\/wp-json\/wp\/v2\/product"}],"about":[{"href":"https:\/\/original-militaria.com\/en\/wp-json\/wp\/v2\/types\/product"}],"wp:featuredmedia":[{"embeddable":true,"href":"https:\/\/original-militaria.com\/en\/wp-json\/wp\/v2\/media\/9087"}],"wp:attachment":[{"href":"https:\/\/original-militaria.com\/en\/wp-json\/wp\/v2\/media?parent=9086"}],"wp:term":[{"taxonomy":"product_brand","embeddable":true,"href":"https:\/\/original-militaria.com\/en\/wp-json\/wp\/v2\/product_brand?post=9086"},{"taxonomy":"product_cat","embeddable":true,"href":"https:\/\/original-militaria.com\/en\/wp-json\/wp\/v2\/product_cat?post=9086"},{"taxonomy":"product_tag","embeddable":true,"href":"https:\/\/original-militaria.com\/en\/wp-json\/wp\/v2\/product_tag?post=9086"}],"curies":[{"name":"wp","href":"https:\/\/api.w.org\/{rel}","templated":true}]}}

Bandera Requeté a dos Caras de Guerra Civil

<p align="justify"><span style="font-family: Verdana;font-size: medium"><strong>ANTECEDENTES:</strong> La Bandera con la Cruz de Borgoña, que fue seña de nuestra identidad durante más de 300 años. Estas banderas estaban confeccionadas de diversos paños y tejidos y de forma artesanal casi siempre.</span></p>
<p align="justify"><span style="font-family: Verdana;font-size: medium"><strong>DESCRIPCION:</strong> Bandera para Requetés o Carlistas de Guerra Civil. Fabricada en algodón de forma artesanal, en el centro sobre fondo blanco la Cruz de Borgoña bordada a dos caras, dos arandelas de plastico para colgar. Muy buen estado. </span></p>
<p align="justify"><span style="font-family: Verdana;font-size: medium">Mide 200 cm de largo X 120 cm de ancho.<br />
</span></p>
