{"id":8363,"date":"2017-09-05T11:43:32","date_gmt":"2017-09-05T11:43:32","guid":{"rendered":"https:\/\/original-militaria.com\/?post_type=product&#038;p=8363"},"modified":"2020-11-28T22:47:45","modified_gmt":"2020-11-28T22:47:45","slug":"estuche-con-medalla-de-plata-al-merito-sindical-distintivo-negro-con-su-miniatura","status":"publish","type":"product","link":"https:\/\/original-militaria.com\/en\/producto\/estuche-con-medalla-de-plata-al-merito-sindical-distintivo-negro-con-su-miniatura\/","title":{"rendered":"Estuche con Medalla de Plata  al &#8220;Merito Sindical&#8221; Distintivo Negro con su Miniatura"},"content":{"rendered":"<p align=\"justify\"><span style=\"font-size: medium\"><span style=\"font-family: Verdana\">Estuche original <span style=\"color: #333333\">de cart\u00f3n color verde con manufactura de &#8220;Hijo de Jes\u00fas Mart\u00ednez&#8221; con la Medalla de plata del primer modelo distintivo negro esmaltada al M\u00e9rito Distinguido Sindical \u00e9poca Franco, con su pasador y su miniatura de ojal. Medalla circular (<\/span><\/span><\/span><span style=\"color: #333333\"><span style=\"font-size: 9pt;font-family: Verdana\"><span style=\"font-size: medium\">44 mm<\/span><\/span><span style=\"font-size: medium\"><span style=\"font-family: Verdana\">) plateada del primer modelo (obs\u00e9rvese la anilla para la cinta). En anverso centro ocupado por emblema sindical sobre fondo rojo, orlado en negro con la inscripci\u00f3n AL MERITO SINDICAL, flanqueado por ramos de laurel verde. Al reverso\u00a0centro con estrella de cuatro puntas que lo divide en otros tantos espacios ocupados por alegor\u00edas al trabajo, orlado con ramos de laurel. Cinta negra.\u00a0<\/span><\/span><\/span><\/p>\n","protected":false},"excerpt":{"rendered":"<p align=\"justify\"><span style=\"font-size: medium\"><strong><span style=\"font-family: Verdana\">DESCRIPCION:<\/span><\/strong><span style=\"font-family: Verdana\"> Estuche original de cart\u00f3n color verde con manufactura de <span style=\"color: red\">&#8220;Hijo de Jesus Mart\u00ednez&#8221; <\/span>con la Medalla de plata\u00a0del primer modelo\u00a0distintivo negro esmaltada al M\u00e9rito Distinguido Sindical \u00e9poca Franco, con su pasador y su miniatura de ojal. Medalla circular (<\/span><\/span><span style=\"font-size: 9pt;font-family: Verdana\"><span style=\"font-size: medium\">44 mm<\/span><\/span><span style=\"font-size: medium\"><span style=\"font-family: Verdana\">) plateada del primer modelo (obs\u00e9rvese la anilla para la cinta). En anverso centro ocupado por emblema sindical sobre fondo rojo, orlado en negro con la inscripci\u00f3n <span style=\"color: #ff0000\">AL MERITO SINDICAL<\/span>, flanqueado por ramos de laurel verde. Al reverso\u00a0centro con estrella de cuatro puntas que lo divide en otros tantos espacios ocupados por alegor\u00edas al trabajo, orlado con ramos de laurel. Cinta negra.\u00a0<\/span><\/span><\/p>\n","protected":false},"featured_media":8364,"template":"","meta":[],"product_brand":[],"product_cat":[195],"product_tag":[],"class_list":{"0":"post-8363","1":"product","2":"type-product","3":"status-publish","4":"has-post-thumbnail","6":"product_cat-epoca-de-franco","7":"sales-flash-overlay","8":"woocommerce-text-align-center","9":"woocommerce-image-align-center","10":"do-quantity-buttons","12":"first","13":"instock","14":"purchasable","15":"product-type-simple"},"_links":{"self":[{"href":"https:\/\/original-militaria.com\/en\/wp-json\/wp\/v2\/product\/8363","targetHints":{"allow":["GET"]}}],"collection":[{"href":"https:\/\/original-militaria.com\/en\/wp-json\/wp\/v2\/product"}],"about":[{"href":"https:\/\/original-militaria.com\/en\/wp-json\/wp\/v2\/types\/product"}],"wp:featuredmedia":[{"embeddable":true,"href":"https:\/\/original-militaria.com\/en\/wp-json\/wp\/v2\/media\/8364"}],"wp:attachment":[{"href":"https:\/\/original-militaria.com\/en\/wp-json\/wp\/v2\/media?parent=8363"}],"wp:term":[{"taxonomy":"product_brand","embeddable":true,"href":"https:\/\/original-militaria.com\/en\/wp-json\/wp\/v2\/product_brand?post=8363"},{"taxonomy":"product_cat","embeddable":true,"href":"https:\/\/original-militaria.com\/en\/wp-json\/wp\/v2\/product_cat?post=8363"},{"taxonomy":"product_tag","embeddable":true,"href":"https:\/\/original-militaria.com\/en\/wp-json\/wp\/v2\/product_tag?post=8363"}],"curies":[{"name":"wp","href":"https:\/\/api.w.org\/{rel}","templated":true}]}}

<p align="justify"><span style="font-size: medium"><span style="font-family: Verdana">Estuche original <span style="color: #333333">de cartón color verde con manufactura de &#8220;Hijo de Jesús Martínez&#8221; con la Medalla de plata del primer modelo distintivo negro esmaltada al Mérito Distinguido Sindical época Franco, con su pasador y su miniatura de ojal. Medalla circular (</span></span></span><span style="color: #333333"><span style="font-size: 9pt;font-family: Verdana"><span style="font-size: medium">44 mm</span></span><span style="font-size: medium"><span style="font-family: Verdana">) plateada del primer modelo (obsérvese la anilla para la cinta). En anverso centro ocupado por emblema sindical sobre fondo rojo, orlado en negro con la inscripción AL MERITO SINDICAL, flanqueado por ramos de laurel verde. Al reverso centro con estrella de cuatro puntas que lo divide en otros tantos espacios ocupados por alegorías al trabajo, orlado con ramos de laurel. Cinta negra. </span></span></span></p>

<p align="justify"><span style="font-size: medium"><strong><span style="font-family: Verdana">DESCRIPCION:</span></strong><span style="font-family: Verdana"> Estuche original de cartón color verde con manufactura de <span style="color: red">&#8220;Hijo de Jesus Martínez&#8221; </span>con la Medalla de plata del primer modelo distintivo negro esmaltada al Mérito Distinguido Sindical época Franco, con su pasador y su miniatura de ojal. Medalla circular (</span></span><span style="font-size: 9pt;font-family: Verdana"><span style="font-size: medium">44 mm</span></span><span style="font-size: medium"><span style="font-family: Verdana">) plateada del primer modelo (obsérvese la anilla para la cinta). En anverso centro ocupado por emblema sindical sobre fondo rojo, orlado en negro con la inscripción <span style="color: #ff0000">AL MERITO SINDICAL</span>, flanqueado por ramos de laurel verde. Al reverso centro con estrella de cuatro puntas que lo divide en otros tantos espacios ocupados por alegorías al trabajo, orlado con ramos de laurel. Cinta negra. </span></span></p>
