{"id":8355,"date":"2017-09-05T11:43:28","date_gmt":"2017-09-05T11:43:28","guid":{"rendered":"https:\/\/original-militaria.com\/?post_type=product&#038;p=8355"},"modified":"2022-01-31T19:06:50","modified_gmt":"2022-01-31T18:06:50","slug":"pasador-espanol-1868-1916-con-tres-excepcionales-condecoraciones","status":"publish","type":"product","link":"https:\/\/original-militaria.com\/en\/producto\/pasador-espanol-1868-1916-con-tres-excepcionales-condecoraciones\/","title":{"rendered":"Spain\/ Three Place Medal Bar 1868-1916&#8212;Pasador Espa\u00f1ol 1868-1916 con Tres Excepcionales Condecoraciones"},"content":{"rendered":"<p style=\"text-align: justify\" align=\"justify\"><span style=\"font-size: 12pt;font-family: verdana, geneva, sans-serif\">Pasador Espa\u00f1ol con tres excepcionales condecoraciones con sus cintas en excelente estado, de las cuales dos, son muy raras y dif\u00edciles de encontrar, la 1 y la 3\u00aa, de uno de los mejores Generales espa\u00f1oles que fue\u00a0Ministro de la Guerra de Alfonso XIII de Espa\u00f1a en el gobierno de Allendesalazar en los a\u00f1os 1919-1920. Particip\u00f3 en las guerras coloniales de Filipinas, Cuba en 1890 y Marruecos. Particip\u00f3 en la Tercera Guerra Carlista. Solo se dira el nombre al comprador por expreso deseo de la familia.<\/span><\/p>\n<p style=\"text-align: justify\" align=\"justify\"><span style=\"font-size: 12pt;font-family: verdana, geneva, sans-serif\">El pasador consta de las siguientes medallas sin limpiar: <\/span><\/p>\n<p style=\"text-align: justify\" align=\"justify\"><span style=\"font-size: 12pt;font-family: verdana, geneva, sans-serif\"><strong>1\/<\/strong>\u00a0<strong>Cruz de 1\u00aa Clase, distintivo blanco del gobierno provisional espa\u00f1ol<\/strong> <strong>&#8220;tama\u00f1o princesa&#8221;<\/strong>, <strong>bastante rara <\/strong>(30 de Septiembre de 1868, 16 de Noviembre de 1870), estuvo dirigido por Serrano, con Juan Prim como Ministro de la Guerra y Sagasta como Ministro de la Gobernaci\u00f3n. Cruz de brazos esmaltados en blanco, sobre \u00a0el brazo superior rect\u00e1ngulo de oro y sobre el mismo corona real en oro. Centro circular, en anverso escudo de Espa\u00f1a, leones y castillos con granada inferior sin escus\u00f3n. al reverso centro rojo sin nada.<\/span><\/p>\n<p style=\"text-align: justify\" align=\"justify\"><span style=\"font-size: 12pt;font-family: verdana, geneva, sans-serif\"><strong>2\/ Medalla &#8220;Melilla&#8221; <\/strong>(20 de marzo de 1910). Distinci\u00f3n conmemorativa\u00a0 de la campa\u00f1a del &#8220;Rif&#8221;, los a\u00f1os 1909, 1911 y 1912. Medalla ovalada, categor\u00eda Plata, en el anverso busto de Alfonso XIII con orla en laurel y la inscripci\u00f3n CAMPA\u00d1A DEL RIF, al reverso alegor\u00eda de la Victoria con los escudos de Espa\u00f1a y Melilla sobre la fecha 1909, en orla superior la inscripci\u00f3n REINADO DE ALFONSO XIII. En la parte superior corona real solidaria a la medalla, con anilla horizontal para la cinta color amarillo anaranjado. Lleva pasadores &#8220;Melilla, Beni Bu Gafar y Beni Sidel&#8221;. <\/span><\/p>\n<p style=\"text-align: justify\" align=\"justify\"><span style=\"font-size: 12pt;font-family: verdana, geneva, sans-serif\">3\/ <strong>Medalla &#8220;Militar de \u00c1frica&#8221;,<\/strong>\u00a0muy rara, (8 de noviembre de 1915 anulada el 29 de junio de 1916). Distinci\u00f3n por m\u00e9ritos en Marruecos el a\u00f1o 1915. Medalla ovalada, categor\u00eda plata, en el anverso busto de Alfonso XIII con orla en laurel y la inscripci\u00f3n AFRICA, al reverso alegor\u00eda de la Victoria solo con el escudo de\u00a0Espa\u00f1a, sin el escudo de Melilla y sin fecha alguna<strong>,<\/strong> en orla superior la inscripci\u00f3n REINADO DE ALFONSO XIII. En la parte superior la corona real no es solida, es articulada\u00a0a la medalla, con anilla horizontal para la cinta color verde. Lleva pasadores &#8220;Casablanca, Kert y Ceuta&#8221;.<\/span><\/p>\n","protected":false},"excerpt":{"rendered":"<p align=\"justify\"><span style=\"font-size: medium\"><strong><span style=\"font-family: Verdana\">DESCRIPCION: <\/span><\/strong><span style=\"font-family: Verdana\">Pasador Espa\u00f1ol con tres excepcionales condecoraciones con sus cintas en excelente estado, de las cuales dos, son muy raras y dif\u00edciles de encontrar, la 1 y la 3\u00aa, de uno de los mejores Generales espa\u00f1oles que fue\u00a0Ministro de la Guerra de Alfonso XIII de Espa\u00f1a en el gobierno de Allendesalazar en los a\u00f1os 1919-1920. Particip\u00f3 en las guerras coloniales de Filipinas, Cuba en 1890 y Marruecos. Particip\u00f3 en la Tercera Guerra Carlista. Solo se dira el nombre al comprador por expreso deseo de la familia.<\/span><\/span><\/p>\n<p align=\"justify\"><span style=\"font-size: medium\"><span style=\"font-family: Verdana\">El pasador consta de las siguientes medallas sin limpiar: <\/span><\/span><\/p>\n<p align=\"justify\"><span style=\"font-size: medium\"><strong><span style=\"font-family: Verdana\">1\/<\/span><\/strong><span style=\"font-family: Verdana\">\u00a0<span style=\"font-family: Verdana;color: red\"><strong>Cruz de 1\u00aa Clase, distintivo blanco del gobierno provisional espa\u00f1ol<\/strong> <strong>&#8220;tama\u00f1o princesa&#8221;<\/strong>, <\/span><strong><span style=\"font-family: Verdana;color: red\">bastante rara <\/span><\/strong>(30 de Septiembre de 1868, 16 de Noviembre de 1870), estuvo dirigido por Serrano, con Juan Prim como Ministro de <\/span><\/span><span style=\"font-size: 9pt;font-family: Verdana\"><span style=\"font-size: medium\">la Guerra<\/span><span style=\"font-size: medium\"> y Sagasta como Ministro de <\/span><span style=\"font-size: medium\">la Gobernaci\u00f3n. Cruz<\/span><\/span><span style=\"font-size: medium\"><span style=\"font-family: Verdana\"> de brazos esmaltados en blanco, sobre \u00a0el brazo superior rect\u00e1ngulo de oro y sobre el mismo corona real en oro. Centro circular, en anverso escudo de Espa\u00f1a, leones y castillos con granada inferior sin escus\u00f3n. al reverso centro rojo sin nada.<\/span><\/span><\/p>\n<p align=\"justify\"><span style=\"font-size: medium\"><strong><span style=\"font-family: Verdana\">2\/ <span style=\"color: red\">Medalla &#8220;Melilla&#8221; <\/span><\/span><\/strong><span style=\"font-family: Verdana\">(20 de marzo de 1910). Distinci\u00f3n conmemorativa\u00a0 de la campa\u00f1a del &#8220;Rif&#8221;, los a\u00f1os 1909, 1911 y 1912. Medalla ovalada, categor\u00eda Plata, en el anverso busto de Alfonso XIII con orla en laurel y la inscripci\u00f3n CAMPA\u00d1A DEL RIF, al reverso alegor\u00eda de <\/span><\/span><span style=\"font-size: 9pt;font-family: Verdana\"><span style=\"font-size: medium\">la Victoria<\/span><\/span><span style=\"font-size: medium\"><span style=\"font-family: Verdana\"> con los escudos de Espa\u00f1a y Melilla sobre la fecha 1909, en orla superior la inscripci\u00f3n REINADO DE ALFONSO XIII. En la parte superior corona real solidaria a la medalla, con anilla horizontal para la cinta color amarillo anaranjado. Lleva pasadores <span style=\"color: red\">&#8220;Melilla, Beni Bu Gafar y Beni Sidel&#8221;<\/span>. <\/span><\/span><\/p>\n<p align=\"justify\"><span style=\"font-size: medium\"><span style=\"font-family: Verdana\">3\/ <span style=\"font-family: Verdana;color: red\"><strong>Medalla &#8220;Militar de \u00c1frica&#8221;,<\/strong>\u00a0muy rara, <\/span>(8 de noviembre de 1915 anulada el 29 de junio de 1916). Distinci\u00f3n por m\u00e9ritos en Marruecos el a\u00f1o 1915. Medalla ovalada, categor\u00eda plata, en el anverso busto de Alfonso XIII con orla en laurel y la inscripci\u00f3n AFRICA, al reverso alegor\u00eda de <\/span><\/span><span style=\"font-size: 9pt;font-family: Verdana\"><span style=\"font-size: medium\">la Victoria<\/span><\/span><span style=\"font-size: medium\"><span style=\"font-family: Verdana\"> solo con el escudo de\u00a0Espa\u00f1a, <span style=\"font-family: Verdana\"><span style=\"color: #ff0000\">sin el escudo de Melilla y sin fecha alguna<\/span><strong>,<\/strong><\/span> en orla superior la inscripci\u00f3n REINADO DE ALFONSO XIII. En la parte superior la corona real no es solida, <span style=\"font-family: Verdana\"><span style=\"color: #ff0000\">es articulada<\/span><\/span>\u00a0a la medalla, con anilla horizontal para la cinta color verde. Lleva pasadores <span style=\"color: red\">&#8220;Casablanca, Kert y Ceuta&#8221;<\/span>.<\/span><\/span><\/p>\n","protected":false},"featured_media":8356,"template":"","meta":[],"product_brand":[],"product_cat":[224],"product_tag":[],"class_list":{"0":"post-8355","1":"product","2":"type-product","3":"status-publish","4":"has-post-thumbnail","6":"product_cat-archivo-vendidos","7":"sales-flash-overlay","8":"woocommerce-text-align-center","9":"woocommerce-image-align-center","10":"do-quantity-buttons","12":"first","13":"outofstock","14":"purchasable","15":"product-type-simple"},"_links":{"self":[{"href":"https:\/\/original-militaria.com\/en\/wp-json\/wp\/v2\/product\/8355","targetHints":{"allow":["GET"]}}],"collection":[{"href":"https:\/\/original-militaria.com\/en\/wp-json\/wp\/v2\/product"}],"about":[{"href":"https:\/\/original-militaria.com\/en\/wp-json\/wp\/v2\/types\/product"}],"wp:featuredmedia":[{"embeddable":true,"href":"https:\/\/original-militaria.com\/en\/wp-json\/wp\/v2\/media\/8356"}],"wp:attachment":[{"href":"https:\/\/original-militaria.com\/en\/wp-json\/wp\/v2\/media?parent=8355"}],"wp:term":[{"taxonomy":"product_brand","embeddable":true,"href":"https:\/\/original-militaria.com\/en\/wp-json\/wp\/v2\/product_brand?post=8355"},{"taxonomy":"product_cat","embeddable":true,"href":"https:\/\/original-militaria.com\/en\/wp-json\/wp\/v2\/product_cat?post=8355"},{"taxonomy":"product_tag","embeddable":true,"href":"https:\/\/original-militaria.com\/en\/wp-json\/wp\/v2\/product_tag?post=8355"}],"curies":[{"name":"wp","href":"https:\/\/api.w.org\/{rel}","templated":true}]}}

Spain/ Three Place Medal Bar 1868-1916&#8212;Pasador Español 1868-1916 con Tres Excepcionales Condecoraciones

<p style="text-align: justify" align="justify"><span style="font-size: 12pt;font-family: verdana, geneva, sans-serif">Pasador Español con tres excepcionales condecoraciones con sus cintas en excelente estado, de las cuales dos, son muy raras y difíciles de encontrar, la 1 y la 3ª, de uno de los mejores Generales españoles que fue Ministro de la Guerra de Alfonso XIII de España en el gobierno de Allendesalazar en los años 1919-1920. Participó en las guerras coloniales de Filipinas, Cuba en 1890 y Marruecos. Participó en la Tercera Guerra Carlista. Solo se dira el nombre al comprador por expreso deseo de la familia.</span></p>
<p style="text-align: justify" align="justify"><span style="font-size: 12pt;font-family: verdana, geneva, sans-serif">El pasador consta de las siguientes medallas sin limpiar: </span></p>
<p style="text-align: justify" align="justify"><span style="font-size: 12pt;font-family: verdana, geneva, sans-serif"><strong>1/</strong> <strong>Cruz de 1ª Clase, distintivo blanco del gobierno provisional español</strong> <strong>&#8220;tamaño princesa&#8221;</strong>, <strong>bastante rara </strong>(30 de Septiembre de 1868, 16 de Noviembre de 1870), estuvo dirigido por Serrano, con Juan Prim como Ministro de la Guerra y Sagasta como Ministro de la Gobernación. Cruz de brazos esmaltados en blanco, sobre  el brazo superior rectángulo de oro y sobre el mismo corona real en oro. Centro circular, en anverso escudo de España, leones y castillos con granada inferior sin escusón. al reverso centro rojo sin nada.</span></p>
<p style="text-align: justify" align="justify"><span style="font-size: 12pt;font-family: verdana, geneva, sans-serif"><strong>2/ Medalla &#8220;Melilla&#8221; </strong>(20 de marzo de 1910). Distinción conmemorativa  de la campaña del &#8220;Rif&#8221;, los años 1909, 1911 y 1912. Medalla ovalada, categoría Plata, en el anverso busto de Alfonso XIII con orla en laurel y la inscripción CAMPAÑA DEL RIF, al reverso alegoría de la Victoria con los escudos de España y Melilla sobre la fecha 1909, en orla superior la inscripción REINADO DE ALFONSO XIII. En la parte superior corona real solidaria a la medalla, con anilla horizontal para la cinta color amarillo anaranjado. Lleva pasadores &#8220;Melilla, Beni Bu Gafar y Beni Sidel&#8221;. </span></p>
<p style="text-align: justify" align="justify"><span style="font-size: 12pt;font-family: verdana, geneva, sans-serif">3/ <strong>Medalla &#8220;Militar de África&#8221;,</strong> muy rara, (8 de noviembre de 1915 anulada el 29 de junio de 1916). Distinción por méritos en Marruecos el año 1915. Medalla ovalada, categoría plata, en el anverso busto de Alfonso XIII con orla en laurel y la inscripción AFRICA, al reverso alegoría de la Victoria solo con el escudo de España, sin el escudo de Melilla y sin fecha alguna<strong>,</strong> en orla superior la inscripción REINADO DE ALFONSO XIII. En la parte superior la corona real no es solida, es articulada a la medalla, con anilla horizontal para la cinta color verde. Lleva pasadores &#8220;Casablanca, Kert y Ceuta&#8221;.</span></p>

<p align="justify"><span style="font-size: medium"><strong><span style="font-family: Verdana">DESCRIPCION: </span></strong><span style="font-family: Verdana">Pasador Español con tres excepcionales condecoraciones con sus cintas en excelente estado, de las cuales dos, son muy raras y difíciles de encontrar, la 1 y la 3ª, de uno de los mejores Generales españoles que fue Ministro de la Guerra de Alfonso XIII de España en el gobierno de Allendesalazar en los años 1919-1920. Participó en las guerras coloniales de Filipinas, Cuba en 1890 y Marruecos. Participó en la Tercera Guerra Carlista. Solo se dira el nombre al comprador por expreso deseo de la familia.</span></span></p>
<p align="justify"><span style="font-size: medium"><span style="font-family: Verdana">El pasador consta de las siguientes medallas sin limpiar: </span></span></p>
<p align="justify"><span style="font-size: medium"><strong><span style="font-family: Verdana">1/</span></strong><span style="font-family: Verdana"> <span style="font-family: Verdana;color: red"><strong>Cruz de 1ª Clase, distintivo blanco del gobierno provisional español</strong> <strong>&#8220;tamaño princesa&#8221;</strong>, </span><strong><span style="font-family: Verdana;color: red">bastante rara </span></strong>(30 de Septiembre de 1868, 16 de Noviembre de 1870), estuvo dirigido por Serrano, con Juan Prim como Ministro de </span></span><span style="font-size: 9pt;font-family: Verdana"><span style="font-size: medium">la Guerra</span><span style="font-size: medium"> y Sagasta como Ministro de </span><span style="font-size: medium">la Gobernación. Cruz</span></span><span style="font-size: medium"><span style="font-family: Verdana"> de brazos esmaltados en blanco, sobre  el brazo superior rectángulo de oro y sobre el mismo corona real en oro. Centro circular, en anverso escudo de España, leones y castillos con granada inferior sin escusón. al reverso centro rojo sin nada.</span></span></p>
<p align="justify"><span style="font-size: medium"><strong><span style="font-family: Verdana">2/ <span style="color: red">Medalla &#8220;Melilla&#8221; </span></span></strong><span style="font-family: Verdana">(20 de marzo de 1910). Distinción conmemorativa  de la campaña del &#8220;Rif&#8221;, los años 1909, 1911 y 1912. Medalla ovalada, categoría Plata, en el anverso busto de Alfonso XIII con orla en laurel y la inscripción CAMPAÑA DEL RIF, al reverso alegoría de </span></span><span style="font-size: 9pt;font-family: Verdana"><span style="font-size: medium">la Victoria</span></span><span style="font-size: medium"><span style="font-family: Verdana"> con los escudos de España y Melilla sobre la fecha 1909, en orla superior la inscripción REINADO DE ALFONSO XIII. En la parte superior corona real solidaria a la medalla, con anilla horizontal para la cinta color amarillo anaranjado. Lleva pasadores <span style="color: red">&#8220;Melilla, Beni Bu Gafar y Beni Sidel&#8221;</span>. </span></span></p>
<p align="justify"><span style="font-size: medium"><span style="font-family: Verdana">3/ <span style="font-family: Verdana;color: red"><strong>Medalla &#8220;Militar de África&#8221;,</strong> muy rara, </span>(8 de noviembre de 1915 anulada el 29 de junio de 1916). Distinción por méritos en Marruecos el año 1915. Medalla ovalada, categoría plata, en el anverso busto de Alfonso XIII con orla en laurel y la inscripción AFRICA, al reverso alegoría de </span></span><span style="font-size: 9pt;font-family: Verdana"><span style="font-size: medium">la Victoria</span></span><span style="font-size: medium"><span style="font-family: Verdana"> solo con el escudo de España, <span style="font-family: Verdana"><span style="color: #ff0000">sin el escudo de Melilla y sin fecha alguna</span><strong>,</strong></span> en orla superior la inscripción REINADO DE ALFONSO XIII. En la parte superior la corona real no es solida, <span style="font-family: Verdana"><span style="color: #ff0000">es articulada</span></span> a la medalla, con anilla horizontal para la cinta color verde. Lleva pasadores <span style="color: red">&#8220;Casablanca, Kert y Ceuta&#8221;</span>.</span></span></p>
