{"id":7842,"date":"2017-09-05T11:41:12","date_gmt":"2017-09-05T11:41:12","guid":{"rendered":"https:\/\/original-militaria.com\/?post_type=product&#038;p=7842"},"modified":"2024-10-16T17:20:45","modified_gmt":"2024-10-16T15:20:45","slug":"pistola-de-piston-de-antonio-alberdi-eibar-1852","status":"publish","type":"product","link":"https:\/\/original-militaria.com\/en\/producto\/pistola-de-piston-de-antonio-alberdi-eibar-1852\/","title":{"rendered":"Spanish Percussion Pistol &#8220;Antonio Alberdi&#8221; Eibar, 1852&#8211;  Pistola de Pist\u00f3n de &#8220;Antonio Alberdi&#8221; Eibar, 1852"},"content":{"rendered":"<p style=\"text-align: justify;\" align=\"justify\"><span style=\"font-size: 12pt; font-family: verdana, geneva, sans-serif;\"><strong>ANTECEDENTES:<\/strong> Alberdi, Antonio. Armero de Eibar, 1842-1854. Hay una pareja de pistolas de este armero en el Museo de Montju\u00efc (Barcelona). <\/span><\/p>\n<p style=\"text-align: justify;\"><span style=\"font-family: verdana, geneva, sans-serif; font-size: 12pt;\"><strong>DESCRIPCION:<\/strong> Excelente ejemplo de pistola posiblemente militar espa\u00f1ola de encargo, sistema de percusi\u00f3n o pist\u00f3n, firmada en el ca\u00f1\u00f3n por &#8220;Antonio Alberdi en Eibar en 1852&#8221;. La pistola mantiene al 100% su azulado pav\u00f3n en el ca\u00f1\u00f3n con punto de mira y alza, y tiene bien definido en letras doradas la firma del armero, tiene una magnifica llave con el perrillo en graciosa forma de perro en negro mate, todas las guarniciones niqueladas de \u00e9poca, tiene guarda cebo con un sistema poco usual para la \u00e9poca. La caja de la ca\u00f1a entera de nogal con baquetero, tiene la empu\u00f1adura delicadamente cuadrillada con pomo met\u00e1lico que termina en una argolla para sujetar a un cord\u00f3n. En la contra pletina tiene sujetado por medio de un tornillo un gancho tambi\u00e9n met\u00e1lico para cinto, el ca\u00f1\u00f3n ochavado es t\u00edpicamente espa\u00f1ol. La baqueta es met\u00e1lica.<\/span><\/p>\n<p style=\"text-align: justify;\"><span style=\"font-family: verdana, geneva, sans-serif; font-size: 12pt;\">Longitud total 300 mm<\/span><\/p>\n<p style=\"text-align: justify;\"><span style=\"font-family: verdana, geneva, sans-serif; font-size: 12pt;\">Longitud del ca\u00f1\u00f3n 150 mm\u00a0\u00a0<\/span><\/p>\n<p style=\"text-align: justify;\" align=\"justify\"><span style=\"font-family: verdana, geneva, sans-serif; font-size: 12pt;\"><strong>Nota.-<\/strong> Est\u00e1 inscrito en el libro de coleccionista, lo puede solicitar gratuitamente sin tener licencia en su Intervenci\u00f3n de armas de la Guardia Civil. <\/span><\/p>\n<p><span style=\"font-family: verdana, geneva, sans-serif; font-size: 12pt;\"><strong>AVISO:<\/strong> Revisa la normativa espa\u00f1ola para la tenencia de armas antes de realizar la compra<\/span><br \/>\n<span style=\"font-family: verdana, geneva, sans-serif;\"> <small><a title=\"Normativa espa\u00f1ola para la tenencia de armas. Guardia Civil.\" href=\"http:\/\/www.guardiacivil.es\/es\/servicios\/armasyexplosivo\/index.html\" target=\"_blank\" rel=\"noopener noreferrer nofollow\"> Guardia Civil (Intervenci\u00f3n de Armas Virtual)<\/a><\/small><\/span><\/p>\n","protected":false},"excerpt":{"rendered":"<p align=\"justify\"><span style=\"font-size: medium;\"><strong>ANTECEDENTES:<\/strong> Alberdi, Antonio. Armero de Eibar, 1842-1854. Hay una pareja de pistolas de este armero en el Museo de Montju\u00efc (Barcelona). <\/span><\/p>\n<p><strong>DESCRIPCION:<\/strong> Excelente ej\u00e9mplo de pistola posiblemente militar espa\u00f1ola de encargo, sistema de percusi\u00f3n o pist\u00f3n, firmada en el ca\u00f1\u00f3n por <span style=\"color: #ff0000;\">&#8220;Antonio Alberdi en Eibar en 1852&#8221;<\/span>. La pistola mantiene al 100% su azulado pav\u00f3n en el ca\u00f1\u00f3n con punto de mira y alza, y tiene bien definido en letras doradas la firma del armero, tiene una magnifica llave con el perrillo en graciosa forma de perro en negro mate, todas las guarniciones niqueladas de \u00e9poca, tiene guardacebo con un sistema poco usual para la \u00e9poca. La caja de la ca\u00f1a entera de nogal con baquetero, tiene la empu\u00f1adura delicadamente cuadrillada con pomo met\u00e1lico que termina en una argolla para sujetar a un cord\u00f3n. En la contra pletina tiene sujetado por medio de un tornillo un gancho tambi\u00e9n met\u00e1lico para cinto, el ca\u00f1\u00f3n ochavado es t\u00edpicamente espa\u00f1ol. La baqueta es met\u00e1lica.<\/p>\n<p>Longitud total 300 mm<\/p>\n<p>Longitud del ca\u00f1\u00f3n 150 mm<\/p>\n<p align=\"justify\"><strong><span style=\"font-family: Verdana;\"><span style=\"color: #ff0000; font-size: medium;\">Nota.-<\/span><\/span><\/strong><span style=\"font-size: medium;\"><span style=\"font-family: Verdana;\"> Est\u00e1 inscrito en el libro de coleccionista, lo puede solicitar gratuitamente sin tener licencia en su Intervenci\u00f3n de armas de la Guardia Civil. <\/span><\/span><\/p>\n<p><strong><span style=\"font-family: Verdana;\"><span style=\"color: #ff0000;\">Nota 2.-<\/span><\/span><\/strong> Seg\u00fan el <strong><span style=\"font-family: Verdana;\">Art. 107<\/span><\/strong>,\u00a0<strong><span style=\"font-family: Verdana;\">Cap\u00edtulo V<\/span><\/strong>, <strong><span style=\"font-family: Verdana;\">Secci\u00f3n I<\/span><\/strong>, <strong><span style=\"font-family: Verdana;\">p\u00e1rrafo E<\/span><\/strong>, del Reglamento de Armas, tambi\u00e9n se puede comprar <strong><span style=\"font-family: Verdana;\">sin tener libro de coleccionista<\/span><\/strong> ateni\u00e9ndose a la siguiente disposici\u00f3n:<\/p>\n<p>No obstante lo dispuesto en otros preceptos de este Reglamento, se considerar\u00e1 autorizada la posesi\u00f3n en el propio domicilio, sin los requisitos determinados en ellos, de <strong><span style=\"font-family: Verdana;\">un arma de fuego corta o larga<\/span><\/strong> de las no prohibidas a particulares, <strong><span style=\"font-family: Verdana;\">acreditando su especial valor hist\u00f3rico o art\u00edstico<\/span><\/strong>, o de <strong><span style=\"font-family: Verdana;\">dos armas de avancarga<\/span><\/strong>, documentadas con las correspondientes gu\u00edas de pertenencia, <strong><span style=\"font-family: Verdana;\">previa aportaci\u00f3n del informe de aptitud regulado en el art\u00edculo 98<\/span><\/strong>, adoptando las medidas de seguridad necesarias para su custodia y no pudiendo utilizarlas ni enajenarlas, salvo dando cumplimiento a lo dispuesto al respecto en los preceptos espec\u00edficos de este Reglamento. La infracci\u00f3n de lo dispuesto en este apartado tendr\u00e1 la consideraci\u00f3n de grave y llevar\u00e1 aparejada en todo caso la retirada definitiva de las armas de que se trate.<\/p>\n","protected":false},"featured_media":7843,"template":"","meta":[],"product_brand":[],"product_cat":[235],"product_tag":[],"class_list":{"0":"post-7842","1":"product","2":"type-product","3":"status-publish","4":"has-post-thumbnail","6":"product_cat-armas-historicas","7":"sales-flash-overlay","8":"woocommerce-text-align-center","9":"woocommerce-image-align-center","10":"do-quantity-buttons","12":"first","13":"instock","14":"purchasable","15":"product-type-simple"},"_links":{"self":[{"href":"https:\/\/original-militaria.com\/en\/wp-json\/wp\/v2\/product\/7842","targetHints":{"allow":["GET"]}}],"collection":[{"href":"https:\/\/original-militaria.com\/en\/wp-json\/wp\/v2\/product"}],"about":[{"href":"https:\/\/original-militaria.com\/en\/wp-json\/wp\/v2\/types\/product"}],"wp:featuredmedia":[{"embeddable":true,"href":"https:\/\/original-militaria.com\/en\/wp-json\/wp\/v2\/media\/7843"}],"wp:attachment":[{"href":"https:\/\/original-militaria.com\/en\/wp-json\/wp\/v2\/media?parent=7842"}],"wp:term":[{"taxonomy":"product_brand","embeddable":true,"href":"https:\/\/original-militaria.com\/en\/wp-json\/wp\/v2\/product_brand?post=7842"},{"taxonomy":"product_cat","embeddable":true,"href":"https:\/\/original-militaria.com\/en\/wp-json\/wp\/v2\/product_cat?post=7842"},{"taxonomy":"product_tag","embeddable":true,"href":"https:\/\/original-militaria.com\/en\/wp-json\/wp\/v2\/product_tag?post=7842"}],"curies":[{"name":"wp","href":"https:\/\/api.w.org\/{rel}","templated":true}]}}

Spanish Percussion Pistol &#8220;Antonio Alberdi&#8221; Eibar, 1852&#8211;  Pistola de Pistón de &#8220;Antonio Alberdi&#8221; Eibar, 1852

<p style="text-align: justify;" align="justify"><span style="font-size: 12pt; font-family: verdana, geneva, sans-serif;"><strong>ANTECEDENTES:</strong> Alberdi, Antonio. Armero de Eibar, 1842-1854. Hay una pareja de pistolas de este armero en el Museo de Montjuïc (Barcelona). </span></p>
<p style="text-align: justify;"><span style="font-family: verdana, geneva, sans-serif; font-size: 12pt;"><strong>DESCRIPCION:</strong> Excelente ejemplo de pistola posiblemente militar española de encargo, sistema de percusión o pistón, firmada en el cañón por &#8220;Antonio Alberdi en Eibar en 1852&#8221;. La pistola mantiene al 100% su azulado pavón en el cañón con punto de mira y alza, y tiene bien definido en letras doradas la firma del armero, tiene una magnifica llave con el perrillo en graciosa forma de perro en negro mate, todas las guarniciones niqueladas de época, tiene guarda cebo con un sistema poco usual para la época. La caja de la caña entera de nogal con baquetero, tiene la empuñadura delicadamente cuadrillada con pomo metálico que termina en una argolla para sujetar a un cordón. En la contra pletina tiene sujetado por medio de un tornillo un gancho también metálico para cinto, el cañón ochavado es típicamente español. La baqueta es metálica.</span></p>
<p style="text-align: justify;"><span style="font-family: verdana, geneva, sans-serif; font-size: 12pt;">Longitud total 300 mm</span></p>
<p style="text-align: justify;"><span style="font-family: verdana, geneva, sans-serif; font-size: 12pt;">Longitud del cañón 150 mm  </span></p>
<p style="text-align: justify;" align="justify"><span style="font-family: verdana, geneva, sans-serif; font-size: 12pt;"><strong>Nota.-</strong> Está inscrito en el libro de coleccionista, lo puede solicitar gratuitamente sin tener licencia en su Intervención de armas de la Guardia Civil. </span></p>
<p><span style="font-family: verdana, geneva, sans-serif; font-size: 12pt;"><strong>AVISO:</strong> Revisa la normativa española para la tenencia de armas antes de realizar la compra</span><br />
<span style="font-family: verdana, geneva, sans-serif;"> <small><a title="Normativa española para la tenencia de armas. Guardia Civil." href="http://www.guardiacivil.es/es/servicios/armasyexplosivo/index.html" target="_blank" rel="noopener noreferrer nofollow"> Guardia Civil (Intervención de Armas Virtual)</a></small></span></p>

<p align="justify"><span style="font-size: medium;"><strong>ANTECEDENTES:</strong> Alberdi, Antonio. Armero de Eibar, 1842-1854. Hay una pareja de pistolas de este armero en el Museo de Montjuïc (Barcelona). </span></p>
<p><strong>DESCRIPCION:</strong> Excelente ejémplo de pistola posiblemente militar española de encargo, sistema de percusión o pistón, firmada en el cañón por <span style="color: #ff0000;">&#8220;Antonio Alberdi en Eibar en 1852&#8221;</span>. La pistola mantiene al 100% su azulado pavón en el cañón con punto de mira y alza, y tiene bien definido en letras doradas la firma del armero, tiene una magnifica llave con el perrillo en graciosa forma de perro en negro mate, todas las guarniciones niqueladas de época, tiene guardacebo con un sistema poco usual para la época. La caja de la caña entera de nogal con baquetero, tiene la empuñadura delicadamente cuadrillada con pomo metálico que termina en una argolla para sujetar a un cordón. En la contra pletina tiene sujetado por medio de un tornillo un gancho también metálico para cinto, el cañón ochavado es típicamente español. La baqueta es metálica.</p>
<p>Longitud total 300 mm</p>
<p>Longitud del cañón 150 mm</p>
<p align="justify"><strong><span style="font-family: Verdana;"><span style="color: #ff0000; font-size: medium;">Nota.-</span></span></strong><span style="font-size: medium;"><span style="font-family: Verdana;"> Está inscrito en el libro de coleccionista, lo puede solicitar gratuitamente sin tener licencia en su Intervención de armas de la Guardia Civil. </span></span></p>
<p><strong><span style="font-family: Verdana;"><span style="color: #ff0000;">Nota 2.-</span></span></strong> Según el <strong><span style="font-family: Verdana;">Art. 107</span></strong>, <strong><span style="font-family: Verdana;">Capítulo V</span></strong>, <strong><span style="font-family: Verdana;">Sección I</span></strong>, <strong><span style="font-family: Verdana;">párrafo E</span></strong>, del Reglamento de Armas, también se puede comprar <strong><span style="font-family: Verdana;">sin tener libro de coleccionista</span></strong> ateniéndose a la siguiente disposición:</p>
<p>No obstante lo dispuesto en otros preceptos de este Reglamento, se considerará autorizada la posesión en el propio domicilio, sin los requisitos determinados en ellos, de <strong><span style="font-family: Verdana;">un arma de fuego corta o larga</span></strong> de las no prohibidas a particulares, <strong><span style="font-family: Verdana;">acreditando su especial valor histórico o artístico</span></strong>, o de <strong><span style="font-family: Verdana;">dos armas de avancarga</span></strong>, documentadas con las correspondientes guías de pertenencia, <strong><span style="font-family: Verdana;">previa aportación del informe de aptitud regulado en el artículo 98</span></strong>, adoptando las medidas de seguridad necesarias para su custodia y no pudiendo utilizarlas ni enajenarlas, salvo dando cumplimiento a lo dispuesto al respecto en los preceptos específicos de este Reglamento. La infracción de lo dispuesto en este apartado tendrá la consideración de grave y llevará aparejada en todo caso la retirada definitiva de las armas de que se trate.</p>
