{"id":7484,"date":"2017-09-05T11:39:36","date_gmt":"2017-09-05T11:39:36","guid":{"rendered":"https:\/\/original-militaria.com\/?post_type=product&#038;p=7484"},"modified":"2022-01-31T19:06:20","modified_gmt":"2022-01-31T18:06:20","slug":"cinta-de-bocamanga-1936-spanien-1939","status":"publish","type":"product","link":"https:\/\/original-militaria.com\/en\/producto\/cinta-de-bocamanga-1936-spanien-1939\/","title":{"rendered":"&#8220;1936 Spanien 1939&#8221; Cufftitle of Spanish manufacture of the Era &#8212;  Cinta de Bocamanga \u201c1936 Spanien 1939\u201d"},"content":{"rendered":"<p align=\"justify\"><span style=\"font-size: 12pt;\"><strong><span style=\"font-family: Verdana;\">ANTECEDENTES:<\/span><\/strong><span style=\"font-family: Verdana;\"> El 3 de junio de 1939 los miembros del ej\u00e9rcito de tierra alem\u00e1n que hab\u00edan prestado servicio en Espa\u00f1a durante <\/span><span style=\"font-family: Verdana;\">la Guerra Civil Espa\u00f1ola recibieron honores,\u00a0 el nombre de \u201cLegi\u00f3n C\u00f3ndor\u201d, y sus honores y tradiciones se preservaron en la Luftwaffe mediante la concesi\u00f3n de la tradicional cinta de bocamanga \u201cLegi\u00f3n C\u00f3ndor\u201d. La l\u00f3gica consecuencia al establecimiento en la Luftwaffe<\/span><span style=\"font-family: Verdana;\"> de la tradicional cinta de bocamanga, as\u00ed como la antigua tradici\u00f3n del ej\u00e9rcito alem\u00e1n de entregar cintas de bocamanga (que data de finales del siglo XVIII), era que el Heer concediera una cinta similar en reconocimiento a los servicios prestados por sus soldados. Por consiguiente, por una orden datada el 21 de junio de 1939, Heeresverordnungsblatt 39B\/262, se estableci\u00f3 la cinta de bocamanga conmemorativa para el Imker-Verbande.<\/span><\/span><\/p>\n<p align=\"justify\"><span style=\"font-size: 12pt;\"><strong><span style=\"font-family: Verdana;\">DESCRIPCION:<\/span><\/strong><span style=\"font-family: Verdana;\"> Cinta de bocamanga de Espa\u00f1a <strong>\u201c1936 Spanien 1939\u201d<\/strong> para unidades de la LC,<strong> es una cinta de madrina<\/strong>, no es el modelo reglamentario, posiblemente realizada para alguien que ya no ten\u00eda la suya reglamentar\u00eda. Est\u00e1 fabricada en tela de algod\u00f3n color rojo similar al empleado en la fabricaci\u00f3n de las banderas,\u00a0tiene un fondo de color rojo chill\u00f3n (kapprot en alem\u00e1n) con una inscripci\u00f3n bordada con hilo met\u00e1lico dorado que reza <strong>&#8220;1936 Spanien 1939&#8221;<\/strong><\/span><span style=\"font-family: Verdana;\"><em><span style=\"font-style: normal;\"><strong>\u00a0<\/strong>en estilo caligr\u00e1fico antiguo,\u00a0cuenta con un borde bordado\u00a0con el mismo hilo met\u00e1lico dorado en la parte superior e inferior. Este borde no empieza en el mismo borde de la cinta, Los colores que conforman esta cinta reflejan los colores de <\/span><span style=\"font-style: normal;\">la Espa\u00f1a Nacionalista: rojo y amarillo. <\/span><\/em><\/span><\/span><\/p>\n<p align=\"justify\"><span style=\"font-size: 12pt;\"><span style=\"font-family: Verdana;\"><em><span style=\"font-style: normal;\"><strong>Nota.-<\/strong> Hemos descosido un trozo de la cinta para que se pueda comprobar la parte interior del bordado pues estaba totalmente cosida y no se apreciaba el interior. Mide 36 cm de largo por 3,5 cm<\/span><span style=\"font-style: normal;\"> de ancho.<\/span><\/em><\/span><\/span><\/p>\n","protected":false},"excerpt":{"rendered":"<p align=\"justify\"><span style=\"font-size: medium;\"><strong><span style=\"font-family: Verdana;\">ANTECEDENTES:<\/span><\/strong><span style=\"font-family: Verdana;\"> El 3 de junio de 1939 los miembros del ej\u00e9rcito de tierra alem\u00e1n que hab\u00edan prestado servicio en Espa\u00f1a durante <\/span><\/span><span style=\"font-size: 9pt; font-family: Verdana;\"><span style=\"font-size: medium;\">la Guerra Civil<\/span><span style=\"font-size: medium;\"> Espa\u00f1ola recibieron honores en un ceremonia presidida por el Comandante en Jefe del Ej\u00e9rcito de Tierra, (Oberbefehlshaber des Heeres), el general von Brauchitsch. La ceremonia tuvo lugar el el c\u00e9lebre recinto de desfiles de Doberitz. Los hombres que estaban presentes aquel d\u00eda formaban parte de un contingente del Ej\u00e9rcito de tierra asignado a <\/span><span style=\"font-size: medium;\">la Legi\u00f3n C\u00f3ndor.<\/span><span style=\"font-size: medium;\"> Todos aquellos soldados obten\u00edan finalmente el reconocimiento de su propia arma de servicio tras regresar de Espa\u00f1a y llegar a Hamburgo el 30 de mayo de 1939, despu\u00e9s del desfile de la victoria en Madrid y una bienvenida dispensada por el Reichmarschall Hermann G\u00f6ring. Aparte de conceder a sus integrantes <\/span><span style=\"font-size: medium;\">la Cruz<\/span><span style=\"font-size: medium;\"> de Espa\u00f1a en una de sus siete versiones, el nombre de \u201cLegi\u00f3n C\u00f3ndor\u201d, y sus honores y tradiciones se preservaron en <\/span><span style=\"font-size: medium;\">la Luftwaffe<\/span><span style=\"font-size: medium;\"> mediante la concesi\u00f3n de la tradicional cinta de bocamanga \u201cLegi\u00f3n C\u00f3ndor\u201d. La l\u00f3gica consecuencia al establecimiento en <\/span><span style=\"font-size: medium;\">la Luftwaffe<\/span><\/span><span style=\"font-size: medium;\"><span style=\"font-family: Verdana;\"> de la tradicional cinta de bocamanga, as\u00ed como la antigua tradici\u00f3n del ej\u00e9rcito alem\u00e1n de entregar cintas de bocamanga (que data de finales del siglo XVIII), era que el Heer concediera una cinta similar en reconocimiento a los servicios prestados por sus soldados. Por consiguiente, por una orden datada el 21 de junio de 1939, Heeresverordnungsblatt 39B\/262, se estableci\u00f3 la cinta de bocamanga conmemorativa para el Imker-Verbande.<\/span><\/span><\/p>\n<p align=\"justify\"><span style=\"font-size: medium;\"><strong><span style=\"font-family: Verdana;\">DESCRIPCION:<\/span><\/strong><span style=\"font-family: Verdana;\"> Cinta de bocamanga de Espa\u00f1a <span style=\"color: #ff0000;\">\u201c1936 Spanien 1939\u201d<\/span> para unidades del Heer, <span style=\"color: red;\">es una cinta de madrina<\/span>, no es el modelo reglamentario, posiblemente realizada para alguien que ya no ten\u00eda la suya reglamentar\u00eda. Est\u00e1 fabricada en tela de algod\u00f3n color rojo similar al empleado en la fabricaci\u00f3n de las banderas,\u00a0tiene un fondo de color rojo chill\u00f3n (kapprot en alem\u00e1n) con una inscripci\u00f3n bordada con hilo met\u00e1lico dorado que reza \u201c<em>1936 Spanien <\/em><\/span><\/span><span style=\"font-size: 9pt; font-family: Verdana;\"><em><span style=\"font-size: medium;\">1939<span style=\"font-style: normal;\">\u201d<\/span><\/span><span style=\"font-size: medium;\"><span style=\"font-style: normal;\"> en estilo caligr\u00e1fico antiguo,\u00a0cuenta con un borde bordado\u00a0con el mismo hilo met\u00e1lico dorado en la parte superior e inferior. Este borde no empieza en el mismo borde de la cinta, Los colores que conforman esta cinta reflejan los colores de <\/span><\/span><span style=\"font-style: normal;\"><span style=\"font-size: medium;\">la Espa\u00f1a Nacionalista<\/span><span style=\"font-size: medium;\">: rojo y amarillo. Hemos descosido un trozo de la cinta para que se pueda comprobar la parte interior del bordado pues estaba totalmente cosida y no se apreciaba el interior. Mide <\/span><span style=\"font-size: medium;\">36 cm<\/span><span style=\"font-size: medium;\"> de largo por <\/span><span style=\"font-size: medium;\">3,5 cm<\/span><\/span><span style=\"font-size: medium;\"><span style=\"font-style: normal;\"> de ancho.<\/span><\/span><\/em><\/span><\/p>\n","protected":false},"featured_media":7485,"template":"","meta":[],"product_brand":[],"product_cat":[173,224],"product_tag":[],"class_list":{"0":"post-7484","1":"product","2":"type-product","3":"status-publish","4":"has-post-thumbnail","6":"product_cat-militaria-espanola","7":"product_cat-archivo-vendidos","8":"sales-flash-overlay","9":"woocommerce-text-align-center","10":"woocommerce-image-align-center","11":"do-quantity-buttons","13":"first","14":"outofstock","15":"product-type-simple"},"_links":{"self":[{"href":"https:\/\/original-militaria.com\/en\/wp-json\/wp\/v2\/product\/7484","targetHints":{"allow":["GET"]}}],"collection":[{"href":"https:\/\/original-militaria.com\/en\/wp-json\/wp\/v2\/product"}],"about":[{"href":"https:\/\/original-militaria.com\/en\/wp-json\/wp\/v2\/types\/product"}],"wp:featuredmedia":[{"embeddable":true,"href":"https:\/\/original-militaria.com\/en\/wp-json\/wp\/v2\/media\/7485"}],"wp:attachment":[{"href":"https:\/\/original-militaria.com\/en\/wp-json\/wp\/v2\/media?parent=7484"}],"wp:term":[{"taxonomy":"product_brand","embeddable":true,"href":"https:\/\/original-militaria.com\/en\/wp-json\/wp\/v2\/product_brand?post=7484"},{"taxonomy":"product_cat","embeddable":true,"href":"https:\/\/original-militaria.com\/en\/wp-json\/wp\/v2\/product_cat?post=7484"},{"taxonomy":"product_tag","embeddable":true,"href":"https:\/\/original-militaria.com\/en\/wp-json\/wp\/v2\/product_tag?post=7484"}],"curies":[{"name":"wp","href":"https:\/\/api.w.org\/{rel}","templated":true}]}}

<p align="justify"><span style="font-size: 12pt;"><strong><span style="font-family: Verdana;">ANTECEDENTES:</span></strong><span style="font-family: Verdana;"> El 3 de junio de 1939 los miembros del ejército de tierra alemán que habían prestado servicio en España durante </span><span style="font-family: Verdana;">la Guerra Civil Española recibieron honores,  el nombre de “Legión Cóndor”, y sus honores y tradiciones se preservaron en la Luftwaffe mediante la concesión de la tradicional cinta de bocamanga “Legión Cóndor”. La lógica consecuencia al establecimiento en la Luftwaffe</span><span style="font-family: Verdana;"> de la tradicional cinta de bocamanga, así como la antigua tradición del ejército alemán de entregar cintas de bocamanga (que data de finales del siglo XVIII), era que el Heer concediera una cinta similar en reconocimiento a los servicios prestados por sus soldados. Por consiguiente, por una orden datada el 21 de junio de 1939, Heeresverordnungsblatt 39B/262, se estableció la cinta de bocamanga conmemorativa para el Imker-Verbande.</span></span></p>
<p align="justify"><span style="font-size: 12pt;"><strong><span style="font-family: Verdana;">DESCRIPCION:</span></strong><span style="font-family: Verdana;"> Cinta de bocamanga de España <strong>“1936 Spanien 1939”</strong> para unidades de la LC,<strong> es una cinta de madrina</strong>, no es el modelo reglamentario, posiblemente realizada para alguien que ya no tenía la suya reglamentaría. Está fabricada en tela de algodón color rojo similar al empleado en la fabricación de las banderas, tiene un fondo de color rojo chillón (kapprot en alemán) con una inscripción bordada con hilo metálico dorado que reza <strong>&#8220;1936 Spanien 1939&#8221;</strong></span><span style="font-family: Verdana;"><em><span style="font-style: normal;"><strong> </strong>en estilo caligráfico antiguo, cuenta con un borde bordado con el mismo hilo metálico dorado en la parte superior e inferior. Este borde no empieza en el mismo borde de la cinta, Los colores que conforman esta cinta reflejan los colores de </span><span style="font-style: normal;">la España Nacionalista: rojo y amarillo. </span></em></span></span></p>
<p align="justify"><span style="font-size: 12pt;"><span style="font-family: Verdana;"><em><span style="font-style: normal;"><strong>Nota.-</strong> Hemos descosido un trozo de la cinta para que se pueda comprobar la parte interior del bordado pues estaba totalmente cosida y no se apreciaba el interior. Mide 36 cm de largo por 3,5 cm</span><span style="font-style: normal;"> de ancho.</span></em></span></span></p>

<p align="justify"><span style="font-size: medium;"><strong><span style="font-family: Verdana;">ANTECEDENTES:</span></strong><span style="font-family: Verdana;"> El 3 de junio de 1939 los miembros del ejército de tierra alemán que habían prestado servicio en España durante </span></span><span style="font-size: 9pt; font-family: Verdana;"><span style="font-size: medium;">la Guerra Civil</span><span style="font-size: medium;"> Española recibieron honores en un ceremonia presidida por el Comandante en Jefe del Ejército de Tierra, (Oberbefehlshaber des Heeres), el general von Brauchitsch. La ceremonia tuvo lugar el el célebre recinto de desfiles de Doberitz. Los hombres que estaban presentes aquel día formaban parte de un contingente del Ejército de tierra asignado a </span><span style="font-size: medium;">la Legión Cóndor.</span><span style="font-size: medium;"> Todos aquellos soldados obtenían finalmente el reconocimiento de su propia arma de servicio tras regresar de España y llegar a Hamburgo el 30 de mayo de 1939, después del desfile de la victoria en Madrid y una bienvenida dispensada por el Reichmarschall Hermann Göring. Aparte de conceder a sus integrantes </span><span style="font-size: medium;">la Cruz</span><span style="font-size: medium;"> de España en una de sus siete versiones, el nombre de “Legión Cóndor”, y sus honores y tradiciones se preservaron en </span><span style="font-size: medium;">la Luftwaffe</span><span style="font-size: medium;"> mediante la concesión de la tradicional cinta de bocamanga “Legión Cóndor”. La lógica consecuencia al establecimiento en </span><span style="font-size: medium;">la Luftwaffe</span></span><span style="font-size: medium;"><span style="font-family: Verdana;"> de la tradicional cinta de bocamanga, así como la antigua tradición del ejército alemán de entregar cintas de bocamanga (que data de finales del siglo XVIII), era que el Heer concediera una cinta similar en reconocimiento a los servicios prestados por sus soldados. Por consiguiente, por una orden datada el 21 de junio de 1939, Heeresverordnungsblatt 39B/262, se estableció la cinta de bocamanga conmemorativa para el Imker-Verbande.</span></span></p>
<p align="justify"><span style="font-size: medium;"><strong><span style="font-family: Verdana;">DESCRIPCION:</span></strong><span style="font-family: Verdana;"> Cinta de bocamanga de España <span style="color: #ff0000;">“1936 Spanien 1939”</span> para unidades del Heer, <span style="color: red;">es una cinta de madrina</span>, no es el modelo reglamentario, posiblemente realizada para alguien que ya no tenía la suya reglamentaría. Está fabricada en tela de algodón color rojo similar al empleado en la fabricación de las banderas, tiene un fondo de color rojo chillón (kapprot en alemán) con una inscripción bordada con hilo metálico dorado que reza “<em>1936 Spanien </em></span></span><span style="font-size: 9pt; font-family: Verdana;"><em><span style="font-size: medium;">1939<span style="font-style: normal;">”</span></span><span style="font-size: medium;"><span style="font-style: normal;"> en estilo caligráfico antiguo, cuenta con un borde bordado con el mismo hilo metálico dorado en la parte superior e inferior. Este borde no empieza en el mismo borde de la cinta, Los colores que conforman esta cinta reflejan los colores de </span></span><span style="font-style: normal;"><span style="font-size: medium;">la España Nacionalista</span><span style="font-size: medium;">: rojo y amarillo. Hemos descosido un trozo de la cinta para que se pueda comprobar la parte interior del bordado pues estaba totalmente cosida y no se apreciaba el interior. Mide </span><span style="font-size: medium;">36 cm</span><span style="font-size: medium;"> de largo por </span><span style="font-size: medium;">3,5 cm</span></span><span style="font-size: medium;"><span style="font-style: normal;"> de ancho.</span></span></em></span></p>
