{"id":7290,"date":"2017-09-05T11:38:42","date_gmt":"2017-09-05T11:38:42","guid":{"rendered":"https:\/\/original-militaria.com\/?post_type=product&#038;p=7290"},"modified":"2026-03-01T17:38:10","modified_gmt":"2026-03-01T16:38:10","slug":"fez-fascista-de-artilleria","status":"publish","type":"product","link":"https:\/\/original-militaria.com\/en\/producto\/fez-fascista-de-artilleria\/","title":{"rendered":"Italy\/ Artillery Fez &#8212; Italia\/ Fez de Artiller\u00eda"},"content":{"rendered":"<p align=\"justify\"><span style=\"font-size: medium;\"><span style=\"font-family: Verdana;\"> Fez de fascista italiano en excelente estado, fabricada de fieltro negro, en el frontal lleva en el centro cosido un fascio de aluminio con las armas de artiller\u00eda, en concreto de artiller\u00eda antia\u00e9rea, tiene en perfectas condiciones su correspondiente borla. Talla 57.<\/span><\/span><\/p>\n","protected":false},"excerpt":{"rendered":"<p align=\"justify\"><span style=\"font-size: medium;\"><strong><span style=\"font-family: Verdana;\">ANTECEDENTES: <\/span><\/strong><span style=\"font-family: Verdana;\">Con la incorporaci\u00f3n de nuevas unidades y especialidades, generalmente consecuencia de la mecanizaci\u00f3n del ej\u00e9rcito, exigi\u00f3, con arreglo a practica en el ej\u00e9rcito italiano de contar con emblemas espec\u00edficos para cada caso, dise\u00f1ar nuevos distintivos, incluso algunos para sustituir otros que hab\u00edan quedado anticuados o se prestaban a confusi\u00f3n (lo que era comprensible en aquella verdadera selva de s\u00edmbolos). A partir de 1935 y hasta 1938, el Giornale Militare Ufficiale comunicar\u00e1 el establecimiento de los nuevos emblemas.\u00a0 <\/span><\/span><\/p>\n<p align=\"justify\"><span style=\"font-size: medium;\"><strong><span style=\"font-family: Verdana;\">DESCRIPCION:<\/span><\/strong><span style=\"font-family: Verdana;\"> Fez de fascista italiano en excelente estado, fabricada de fieltro negro, en el frontal lleva en el centro cosido un fascio de aluminio con emblema con las armas de artiller\u00eda, en concreto de artiller\u00eda antia\u00e9rea, tiene en perfectas condiciones\u00a0su correspondiente borla, raros de ver para uniformes negros.<\/span><\/span><\/p>\n","protected":false},"featured_media":22567,"template":"","meta":[],"product_brand":[],"product_cat":[194,176],"product_tag":[],"class_list":{"0":"post-7290","1":"product","2":"type-product","3":"status-publish","4":"has-post-thumbnail","6":"product_cat-guerra-civil","7":"product_cat-militaria-otras-naciones","8":"sales-flash-overlay","9":"woocommerce-text-align-center","10":"woocommerce-image-align-center","11":"do-quantity-buttons","13":"first","14":"instock","15":"purchasable","16":"product-type-simple"},"_links":{"self":[{"href":"https:\/\/original-militaria.com\/en\/wp-json\/wp\/v2\/product\/7290","targetHints":{"allow":["GET"]}}],"collection":[{"href":"https:\/\/original-militaria.com\/en\/wp-json\/wp\/v2\/product"}],"about":[{"href":"https:\/\/original-militaria.com\/en\/wp-json\/wp\/v2\/types\/product"}],"wp:featuredmedia":[{"embeddable":true,"href":"https:\/\/original-militaria.com\/en\/wp-json\/wp\/v2\/media\/22567"}],"wp:attachment":[{"href":"https:\/\/original-militaria.com\/en\/wp-json\/wp\/v2\/media?parent=7290"}],"wp:term":[{"taxonomy":"product_brand","embeddable":true,"href":"https:\/\/original-militaria.com\/en\/wp-json\/wp\/v2\/product_brand?post=7290"},{"taxonomy":"product_cat","embeddable":true,"href":"https:\/\/original-militaria.com\/en\/wp-json\/wp\/v2\/product_cat?post=7290"},{"taxonomy":"product_tag","embeddable":true,"href":"https:\/\/original-militaria.com\/en\/wp-json\/wp\/v2\/product_tag?post=7290"}],"curies":[{"name":"wp","href":"https:\/\/api.w.org\/{rel}","templated":true}]}}

Italy/ Artillery Fez &#8212; Italia/ Fez de Artillería

<p align="justify"><span style="font-size: medium;"><span style="font-family: Verdana;"> Fez de fascista italiano en excelente estado, fabricada de fieltro negro, en el frontal lleva en el centro cosido un fascio de aluminio con las armas de artillería, en concreto de artillería antiaérea, tiene en perfectas condiciones su correspondiente borla. Talla 57.</span></span></p>

<p align="justify"><span style="font-size: medium;"><strong><span style="font-family: Verdana;">ANTECEDENTES: </span></strong><span style="font-family: Verdana;">Con la incorporación de nuevas unidades y especialidades, generalmente consecuencia de la mecanización del ejército, exigió, con arreglo a practica en el ejército italiano de contar con emblemas específicos para cada caso, diseñar nuevos distintivos, incluso algunos para sustituir otros que habían quedado anticuados o se prestaban a confusión (lo que era comprensible en aquella verdadera selva de símbolos). A partir de 1935 y hasta 1938, el Giornale Militare Ufficiale comunicará el establecimiento de los nuevos emblemas.  </span></span></p>
<p align="justify"><span style="font-size: medium;"><strong><span style="font-family: Verdana;">DESCRIPCION:</span></strong><span style="font-family: Verdana;"> Fez de fascista italiano en excelente estado, fabricada de fieltro negro, en el frontal lleva en el centro cosido un fascio de aluminio con emblema con las armas de artillería, en concreto de artillería antiaérea, tiene en perfectas condiciones su correspondiente borla, raros de ver para uniformes negros.</span></span></p>
