{"id":6786,"date":"2017-09-05T11:36:18","date_gmt":"2017-09-05T11:36:18","guid":{"rendered":"https:\/\/original-militaria.com\/?post_type=product&#038;p=6786"},"modified":"2022-01-31T19:05:52","modified_gmt":"2022-01-31T18:05:52","slug":"estandarte-del-daf","status":"publish","type":"product","link":"https:\/\/original-militaria.com\/en\/producto\/estandarte-del-daf\/","title":{"rendered":"Estandarte del DAF"},"content":{"rendered":"<p align=\"justify\"><span style=\"font-size: medium\"><strong><span style=\"font-family: Verdana\">ANTECEDENTES:<\/span><\/strong><span style=\"font-family: Verdana\"> Con la disoluci\u00f3n de todas las Organizaciones Sindicales Libres en Alemania en mayo de 1933 el Deutsche Arbeitsfront (Frente Alem\u00e1n del Trabajo), se cre\u00f3 para sustituir a los sindicatos y educar a los trabajadores de la industria y del comercio\u00a0en el\u00a0funcionamiento correcto y eficaz en el Tercer Reich. En octubre de 1934 <\/span><\/span><span style=\"font-size: 9pt;font-family: Verdana\"><span style=\"font-size: medium\">la DAF<\/span><\/span><span style=\"font-size: medium\"><span style=\"font-family: Verdana\"> se le dio car\u00e1cter oficial como una sub-secci\u00f3n del NSDAP y en marzo de 1936 se reconoci\u00f3 como una asociaci\u00f3n afiliada independiente al NSDAP y se\u00a0le concede el control de su propio presupuesto monetario. El reglamento para las banderas del DAF se dicto en junio de 1934 y a cualquier unidad del DAF con m\u00e1s de doscientos miembros\u00a0se le autoriz\u00f3 el uso de un estandarte. En 1937 el estandarte del\u00a0DAF\u00a0fue alterado con la adici\u00f3n de unos flecos plateados.<\/span><\/span><\/p>\n<p class=\"MsoNormal\" align=\"justify\"><span style=\"font-size: medium\"><span style=\"font-family: Verdana\"><strong><span style=\"font-family: Verdana\">DESCRIPCION:<\/span><\/strong>\u00a0Modelo de 1937, (DAF Einheit Flaggen) mide <\/span><\/span><span style=\"font-size: 9pt;font-family: Verdana\"><span style=\"font-size: medium\"><span style=\"color: #ff0000\">135 cm<\/span><\/span><span style=\"font-size: medium\"> de largo por <\/span><span style=\"font-size: medium\"><span style=\"color: #ff0000\">122 cm<\/span><\/span><\/span><span style=\"font-size: medium\"><span style=\"font-family: Verdana\"> de ancho a doble cara, fabricada en tres piezas de algod\u00f3n, tiene alrededor de todo el estandarte flecos de hilo de aluminio. Tiene una base roja donde se sobrepone una\u00a0rueda dentada que\u00a0abarca una esfera circular de color blanco con una esv\u00e1stica negra cosida en el\u00a0centro. Muestra el t\u00edpico del envejecimiento con\u00a0algunos peque\u00f1os agujeros y un min\u00fasculo desgarr\u00f3n. Atractivo ejemplo.<\/span><\/span><\/p>\n","protected":false},"excerpt":{"rendered":"<p align=\"justify\"><span style=\"font-size: medium\"><strong><span style=\"font-family: Verdana\">ANTECEDENTES:<\/span><\/strong><span style=\"font-family: Verdana\"> Con la disoluci\u00f3n de todas las Organizaciones Sindicales Libres en Alemania en mayo de 1933 el Deutsche Arbeitsfront (Frente Alem\u00e1n del Trabajo), se cre\u00f3 para sustituir a los sindicatos y educar a los trabajadores de la industria y del comercio\u00a0en el\u00a0funcionamiento correcto y eficaz en el Tercer Reich. En octubre de 1934 <\/span><\/span><span style=\"font-size: 9pt;font-family: Verdana\"><span style=\"font-size: medium\">la DAF<\/span><\/span><span style=\"font-size: medium\"><span style=\"font-family: Verdana\"> se le dio car\u00e1cter oficial como una sub-secci\u00f3n del NSDAP y en marzo de 1936 se reconoci\u00f3 como una asociaci\u00f3n afiliada independiente al NSDAP y se\u00a0le concede el control de su propio presupuesto monetario. El reglamento para las banderas del DAF se dicto en junio de 1934 y a cualquier unidad del DAF con m\u00e1s de doscientos miembros\u00a0se le autoriz\u00f3 el uso de un estandarte. En 1937 el estandarte del\u00a0DAF\u00a0fue alterado con la adici\u00f3n de unos flecos plateados.<\/span><\/span><\/p>\n<p class=\"MsoNormal\" align=\"justify\"><span style=\"font-size: medium\"><span style=\"font-family: Verdana\"><strong><span style=\"font-family: Verdana\">DESCRIPCION:<\/span><\/strong>\u00a0Modelo de 1937, (DAF Einheit Flaggen) mide <\/span><\/span><span style=\"font-size: 9pt;font-family: Verdana\"><span style=\"font-size: medium\"><span style=\"color: #ff0000\">135 cm<\/span><\/span><span style=\"font-size: medium\"> de largo por <\/span><span style=\"font-size: medium\"><span style=\"color: #ff0000\">122 cm<\/span><\/span><\/span><span style=\"font-size: medium\"><span style=\"font-family: Verdana\"> de ancho a doble cara, fabricada en tres piezas de algod\u00f3n, tiene alrededor de todo el estandarte flecos de hilo de aluminio. Tiene una base roja donde se sobrepone una\u00a0rueda dentada que\u00a0abarca una esfera circular de color blanco con una esv\u00e1stica negra cosida en el\u00a0centro. Muestra el t\u00edpico del envejecimiento con\u00a0algunos peque\u00f1os agujeros y un min\u00fasculo desgarr\u00f3n. Atractivo ejemplo.<\/span><\/span><\/p>\n","protected":false},"featured_media":6787,"template":"","meta":[],"product_brand":[],"product_cat":[172,224],"product_tag":[],"class_list":{"0":"post-6786","1":"product","2":"type-product","3":"status-publish","4":"has-post-thumbnail","6":"product_cat-militaria-alemana-ww2","7":"product_cat-archivo-vendidos","8":"sales-flash-overlay","9":"woocommerce-text-align-center","10":"woocommerce-image-align-center","11":"do-quantity-buttons","13":"first","14":"outofstock","15":"product-type-simple"},"_links":{"self":[{"href":"https:\/\/original-militaria.com\/en\/wp-json\/wp\/v2\/product\/6786","targetHints":{"allow":["GET"]}}],"collection":[{"href":"https:\/\/original-militaria.com\/en\/wp-json\/wp\/v2\/product"}],"about":[{"href":"https:\/\/original-militaria.com\/en\/wp-json\/wp\/v2\/types\/product"}],"wp:featuredmedia":[{"embeddable":true,"href":"https:\/\/original-militaria.com\/en\/wp-json\/wp\/v2\/media\/6787"}],"wp:attachment":[{"href":"https:\/\/original-militaria.com\/en\/wp-json\/wp\/v2\/media?parent=6786"}],"wp:term":[{"taxonomy":"product_brand","embeddable":true,"href":"https:\/\/original-militaria.com\/en\/wp-json\/wp\/v2\/product_brand?post=6786"},{"taxonomy":"product_cat","embeddable":true,"href":"https:\/\/original-militaria.com\/en\/wp-json\/wp\/v2\/product_cat?post=6786"},{"taxonomy":"product_tag","embeddable":true,"href":"https:\/\/original-militaria.com\/en\/wp-json\/wp\/v2\/product_tag?post=6786"}],"curies":[{"name":"wp","href":"https:\/\/api.w.org\/{rel}","templated":true}]}}

<p align="justify"><span style="font-size: medium"><strong><span style="font-family: Verdana">ANTECEDENTES:</span></strong><span style="font-family: Verdana"> Con la disolución de todas las Organizaciones Sindicales Libres en Alemania en mayo de 1933 el Deutsche Arbeitsfront (Frente Alemán del Trabajo), se creó para sustituir a los sindicatos y educar a los trabajadores de la industria y del comercio en el funcionamiento correcto y eficaz en el Tercer Reich. En octubre de 1934 </span></span><span style="font-size: 9pt;font-family: Verdana"><span style="font-size: medium">la DAF</span></span><span style="font-size: medium"><span style="font-family: Verdana"> se le dio carácter oficial como una sub-sección del NSDAP y en marzo de 1936 se reconoció como una asociación afiliada independiente al NSDAP y se le concede el control de su propio presupuesto monetario. El reglamento para las banderas del DAF se dicto en junio de 1934 y a cualquier unidad del DAF con más de doscientos miembros se le autorizó el uso de un estandarte. En 1937 el estandarte del DAF fue alterado con la adición de unos flecos plateados.</span></span></p>
<p class="MsoNormal" align="justify"><span style="font-size: medium"><span style="font-family: Verdana"><strong><span style="font-family: Verdana">DESCRIPCION:</span></strong> Modelo de 1937, (DAF Einheit Flaggen) mide </span></span><span style="font-size: 9pt;font-family: Verdana"><span style="font-size: medium"><span style="color: #ff0000">135 cm</span></span><span style="font-size: medium"> de largo por </span><span style="font-size: medium"><span style="color: #ff0000">122 cm</span></span></span><span style="font-size: medium"><span style="font-family: Verdana"> de ancho a doble cara, fabricada en tres piezas de algodón, tiene alrededor de todo el estandarte flecos de hilo de aluminio. Tiene una base roja donde se sobrepone una rueda dentada que abarca una esfera circular de color blanco con una esvástica negra cosida en el centro. Muestra el típico del envejecimiento con algunos pequeños agujeros y un minúsculo desgarrón. Atractivo ejemplo.</span></span></p>
