{"id":5789,"date":"2017-09-05T11:31:48","date_gmt":"2017-09-05T11:31:48","guid":{"rendered":"https:\/\/original-militaria.com\/?post_type=product&#038;p=5789"},"modified":"2022-01-31T19:05:16","modified_gmt":"2022-01-31T18:05:16","slug":"lbum-de-fotos-historico-legion-condor-1936-37","status":"publish","type":"product","link":"https:\/\/original-militaria.com\/en\/producto\/lbum-de-fotos-historico-legion-condor-1936-37\/","title":{"rendered":"\u00c1lbum de Fotos Hist\u00f3rico Legi\u00f3n Condor, 1936\/37"},"content":{"rendered":"<p align=\"justify\"><strong><span style=\"FONT-SIZE: 9pt; FONT-FAMILY: Verdana; mso-bidi-font-family: Arial\">DESCRIPCION:&nbsp;<\/span><\/strong><span style=\"FONT-SIZE: 9pt; FONT-FAMILY: Verdana; mso-bidi-font-family: Arial\">&Uacute;nico&nbsp;y hist&oacute;rico &aacute;lbum de fotos de un miembro perteneciente&nbsp;a una unidad de tanques en <st1:personname productid=\"la Guerra Civil Espa\u00f1ola.\" w:st=\"on\">la Guerra Civil Espa&ntilde;ola.<\/st1:personname> En la portada&nbsp;dedicatoria en Espa&ntilde;ol&quot; Recuerdo de los trabajos de instrucci&oacute;n para el manejo de los tanques Alemanes en la Guerra de la Independencia de Espa&ntilde;a, el a&ntilde;o 1936-1937&quot;. Tiene&nbsp;las cubiertas de cuero&nbsp;en color, en la portada labrada <st1:personname productid=\"la\u00a0Bandera\" w:st=\"on\">la&nbsp;Bandera<\/st1:personname> de Espa&ntilde;a y la de&nbsp;Falange de las Jons y encima rodeada por hojas de roble la famosa calavera de las tropas Panzer Alemanas, en la parte posterior el &Aacute;guila Imperial de color negro sujetando <st1:personname productid=\"la esv\u00e1stica. Las\" w:st=\"on\">la esv&aacute;stica. Las<\/st1:personname> hojas interiores son de cart&oacute;n de&nbsp;color negro separadas por hojas de papel de seda y cord&oacute;n de cuero. Contiene 227 fotos originales de diferentes formatos. Fotos del General Franco con instructores alemanes de Tropas Panzer, del General Franco con &ldquo; Von Thoma&rdquo; (Comandante en Jefe de la Unidad de Instructores de Panzer) algunas fotos se utilizaron para ilustrar el libro de &ldquo;Los hombres de Von Thoma&rdquo; , diferentes fotos de los hombres de &ldquo;Von Thoma&rdquo; en donde se aprecia sus uniformes y sus t&iacute;picas gorras negras tipo boina del 1er Modelo con la famosa calavera, del dep&oacute;sito de armas, grabaciones de diversos veh&iacute;culos blindados, de lucha, marchando los tanques, veh&iacute;culos destruidos, ca&iacute;das, etapas de la vida de los hombres en el frente, funerales, visitas a la ciudad de Madrid, de toros, fotos del grupo de los hombres de la Unidad de Panzer en uniforme de <st1:personname productid=\"la\u00a0Legi\u00f3n C\u00f3ndor\" w:st=\"on\">la&nbsp;Legi&oacute;n C&oacute;ndor<\/st1:personname> con sus distintivos, la aeronave&nbsp;51, etc. Raras e hist&oacute;ricas fotos del periodo del a&ntilde;o 1936 al 37. <font color=\"#ff0000\"><strong>Algunas de estas fotos ilustran el libro de Lucas Molina Franco y Jos&eacute; M&ordf; Manrique &quot;Los hombres de Von Thoma&quot;.<\/strong><\/font><\/span><\/p>\n","protected":false},"excerpt":{"rendered":"<p align=\"justify\"><strong><span style=\"FONT-SIZE: 9pt; FONT-FAMILY: Verdana; mso-bidi-font-family: Arial\">DESCRIPCION:&nbsp;<\/span><\/strong><span style=\"FONT-SIZE: 9pt; FONT-FAMILY: Verdana; mso-bidi-font-family: Arial\">&Uacute;nico&nbsp;y hist&oacute;rico &aacute;lbum de fotos de un miembro perteneciente&nbsp;a una unidad de tanques en <st1:personname productid=\"la Guerra Civil Espa\u00f1ola.\" w:st=\"on\">la Guerra Civil Espa&ntilde;ola.<\/st1:personname> En la portada&nbsp;dedicatoria en Espa&ntilde;ol&quot; Recuerdo de los trabajos de instrucci&oacute;n para el manejo de los tanques Alemanes en la Guerra de la Independencia de Espa&ntilde;a, el a&ntilde;o 1936-1937&quot;. Tiene&nbsp;las cubiertas de cuero&nbsp;en color, en la portada labrada <st1:personname productid=\"la\u00a0Bandera\" w:st=\"on\">la&nbsp;Bandera<\/st1:personname> de Espa&ntilde;a y la de&nbsp;Falange de las Jons y encima rodeada por hojas de roble la famosa calavera de las tropas Panzer Alemanas, en la parte posterior el &Aacute;guila Imperial de color negro sujetando <st1:personname productid=\"la esv\u00e1stica. Las\" w:st=\"on\">la esv&aacute;stica. Las<\/st1:personname> hojas interiores son de cart&oacute;n de&nbsp;color negro separadas por hojas de papel de seda y cord&oacute;n de cuero. Contiene 227 fotos originales de diferentes formatos. Fotos del General Franco con instructores alemanes de Tropas Panzer, del General Franco con &ldquo; Von Thoma&rdquo; (Comandante en Jefe de la Unidad de Instructores de Panzer) algunas fotos se utilizaron para ilustrar el libro de &ldquo;Los hombres de Von Thoma&rdquo; , diferentes fotos de los hombres de &ldquo;Von Thoma&rdquo; en donde se aprecia sus uniformes y sus t&iacute;picas gorras negras tipo boina del 1er Modelo con la famosa calavera, del dep&oacute;sito de armas, grabaciones de diversos veh&iacute;culos blindados, de lucha, marchando los tanques, veh&iacute;culos destruidos, ca&iacute;das, etapas de la vida de los hombres en el frente, funerales, visitas a la ciudad de Madrid, de toros, fotos del grupo de los hombres de la Unidad de Panzer en uniforme de <st1:personname productid=\"la\u00a0Legi\u00f3n C\u00f3ndor\" w:st=\"on\">la&nbsp;Legi&oacute;n C&oacute;ndor<\/st1:personname> con sus distintivos, la aeronave&nbsp;51, etc. Raras e hist&oacute;ricas fotos del periodo del a&ntilde;o 1936 al 37. <font color=\"#ff0000\"><strong>Algunas de estas fotos ilustran el libro de Lucas Molina Franco y Jos&eacute; M&ordf; Manrique &quot;Los hombres de Von Thoma&quot;.<\/strong><\/font><\/span><\/p>\n","protected":false},"featured_media":5790,"template":"","meta":[],"product_brand":[],"product_cat":[224],"product_tag":[],"class_list":{"0":"post-5789","1":"product","2":"type-product","3":"status-publish","4":"has-post-thumbnail","6":"product_cat-archivo-vendidos","7":"sales-flash-overlay","8":"woocommerce-text-align-center","9":"woocommerce-image-align-center","10":"do-quantity-buttons","12":"first","13":"outofstock","14":"purchasable","15":"product-type-simple"},"_links":{"self":[{"href":"https:\/\/original-militaria.com\/en\/wp-json\/wp\/v2\/product\/5789","targetHints":{"allow":["GET"]}}],"collection":[{"href":"https:\/\/original-militaria.com\/en\/wp-json\/wp\/v2\/product"}],"about":[{"href":"https:\/\/original-militaria.com\/en\/wp-json\/wp\/v2\/types\/product"}],"wp:featuredmedia":[{"embeddable":true,"href":"https:\/\/original-militaria.com\/en\/wp-json\/wp\/v2\/media\/5790"}],"wp:attachment":[{"href":"https:\/\/original-militaria.com\/en\/wp-json\/wp\/v2\/media?parent=5789"}],"wp:term":[{"taxonomy":"product_brand","embeddable":true,"href":"https:\/\/original-militaria.com\/en\/wp-json\/wp\/v2\/product_brand?post=5789"},{"taxonomy":"product_cat","embeddable":true,"href":"https:\/\/original-militaria.com\/en\/wp-json\/wp\/v2\/product_cat?post=5789"},{"taxonomy":"product_tag","embeddable":true,"href":"https:\/\/original-militaria.com\/en\/wp-json\/wp\/v2\/product_tag?post=5789"}],"curies":[{"name":"wp","href":"https:\/\/api.w.org\/{rel}","templated":true}]}}

Álbum de Fotos Histórico Legión Condor, 1936/37

<p align="justify"><strong><span style="FONT-SIZE: 9pt; FONT-FAMILY: Verdana; mso-bidi-font-family: Arial">DESCRIPCION:&nbsp;</span></strong><span style="FONT-SIZE: 9pt; FONT-FAMILY: Verdana; mso-bidi-font-family: Arial">&Uacute;nico&nbsp;y hist&oacute;rico &aacute;lbum de fotos de un miembro perteneciente&nbsp;a una unidad de tanques en <st1:personname productid="la Guerra Civil Española." w:st="on">la Guerra Civil Espa&ntilde;ola.</st1:personname> En la portada&nbsp;dedicatoria en Espa&ntilde;ol&quot; Recuerdo de los trabajos de instrucci&oacute;n para el manejo de los tanques Alemanes en la Guerra de la Independencia de Espa&ntilde;a, el a&ntilde;o 1936-1937&quot;. Tiene&nbsp;las cubiertas de cuero&nbsp;en color, en la portada labrada <st1:personname productid="la Bandera" w:st="on">la&nbsp;Bandera</st1:personname> de Espa&ntilde;a y la de&nbsp;Falange de las Jons y encima rodeada por hojas de roble la famosa calavera de las tropas Panzer Alemanas, en la parte posterior el &Aacute;guila Imperial de color negro sujetando <st1:personname productid="la esvástica. Las" w:st="on">la esv&aacute;stica. Las</st1:personname> hojas interiores son de cart&oacute;n de&nbsp;color negro separadas por hojas de papel de seda y cord&oacute;n de cuero. Contiene 227 fotos originales de diferentes formatos. Fotos del General Franco con instructores alemanes de Tropas Panzer, del General Franco con &ldquo; Von Thoma&rdquo; (Comandante en Jefe de la Unidad de Instructores de Panzer) algunas fotos se utilizaron para ilustrar el libro de &ldquo;Los hombres de Von Thoma&rdquo; , diferentes fotos de los hombres de &ldquo;Von Thoma&rdquo; en donde se aprecia sus uniformes y sus t&iacute;picas gorras negras tipo boina del 1er Modelo con la famosa calavera, del dep&oacute;sito de armas, grabaciones de diversos veh&iacute;culos blindados, de lucha, marchando los tanques, veh&iacute;culos destruidos, ca&iacute;das, etapas de la vida de los hombres en el frente, funerales, visitas a la ciudad de Madrid, de toros, fotos del grupo de los hombres de la Unidad de Panzer en uniforme de <st1:personname productid="la Legión Cóndor" w:st="on">la&nbsp;Legi&oacute;n C&oacute;ndor</st1:personname> con sus distintivos, la aeronave&nbsp;51, etc. Raras e hist&oacute;ricas fotos del periodo del a&ntilde;o 1936 al 37. <font color="#ff0000"><strong>Algunas de estas fotos ilustran el libro de Lucas Molina Franco y Jos&eacute; M&ordf; Manrique &quot;Los hombres de Von Thoma&quot;.</strong></font></span></p>
