{"id":5567,"date":"2017-09-05T11:30:41","date_gmt":"2017-09-05T11:30:41","guid":{"rendered":"https:\/\/original-militaria.com\/?post_type=product&#038;p=5567"},"modified":"2022-01-31T19:05:12","modified_gmt":"2022-01-31T18:05:12","slug":"wh-lw-banderin-de-coche-para-miembros-de-las-unidades-de-transporte","status":"publish","type":"product","link":"https:\/\/original-militaria.com\/en\/producto\/wh-lw-banderin-de-coche-para-miembros-de-las-unidades-de-transporte\/","title":{"rendered":"WH\/LW, Bander\u00edn de Coche para Miembros de las Unidades de Transporte"},"content":{"rendered":"<div id=\"result_box\" dir=\"ltr\" align=\"justify\">\n<p class=\"MsoNormal\"><span style=\"font-size: 12pt;font-family: verdana, geneva, sans-serif\"><strong>ANTECEDENTES:\u00a0<\/strong>Las fuerzas armadas alemanas del Tercer Reich utilizaron una amplia variedad de banderas y banderines identificativos\u00a0 espec\u00edficas\u00a0para uso de las unidades oficiales, estas\u00a0variaban\u00a0de tama\u00f1o seg\u00fan el Alto Mando, unidades y\u00a0tama\u00f1o del batall\u00f3n. En general las banderas y banderines fueron dise\u00f1ados utilizando el tama\u00f1o de la unidad t\u00e1ctica b\u00e1sica\u00a0y los s\u00edmbolos adecuados. El bander\u00edn se pon\u00eda en el guardabarros delantero derecho en los coches oficiales.\u00a0\u00a0 <\/span><\/p>\n<p><span style=\"font-size: 12pt;font-family: verdana, geneva, sans-serif\"><strong>DESCRIPCI\u00d3N:<\/strong> Extremadamente raro Bander\u00edn de veh\u00edculo para <span style=\"color: #ff0000\">&#8220;Miembros de las unidades de transporte de la Luftwaffe&#8221;<\/span>, (KFZ-Stander f\u00fcr Angeh\u00f6rige der Transporteinheiten der Luftwaffe),\u00a0\u00a0el KFZ o\u00a0Sonderkraftfahrzeug era utilizado para denominar los veh\u00edculos especiales militares durante la Segunda Guerra Mundial. De forma triangular, con marco cerrado met\u00e1lico,\u00a0de\u00a0 lino azul-gris\u00a0con \u00e1guila bordada\u00a0a ambos lados mirando a la izquierda.\u00a0\u00a0Algo descolorido por el uso, pero en perfecto estado. Mide 36 x 22 cm. <\/span><\/p>\n<\/div>\n","protected":false},"excerpt":{"rendered":"<div id=\"result_box\" dir=\"ltr\" align=\"justify\">\n<p class=\"MsoNormal\"><span style=\"font-size: medium\"><strong><span style=\"font-family: Verdana\">ANTECEDENTES:\u00a0<\/span><\/strong><span style=\"font-family: Verdana\">Las fuerzas armadas alemanas del Tercer Reich utilizaron una amplia variedad de banderas y banderines identificativos\u00a0 espec\u00edficas\u00a0para uso de las unidades oficiales, estas\u00a0variaban\u00a0de tama\u00f1o seg\u00fan el Alto Mando, unidades y\u00a0tama\u00f1o del batall\u00f3n. En general las banderas y banderines fueron dise\u00f1ados utilizando el tama\u00f1o de la unidad t\u00e1ctica b\u00e1sica\u00a0y los s\u00edmbolos adecuados. El bander\u00edn se pon\u00eda en el guardabarros delantero derecho en los coches oficiales.\u00a0\u00a0 <\/span><\/span><\/p>\n<p><strong><span style=\"font-family: Verdana\">DESCRIPCI\u00d3N:<\/span><\/strong> Extremadamente raro Bander\u00edn de veh\u00edculo para <span style=\"color: #ff0000\">&#8220;Miembros de las unidades de transporte de la Luftwaffe&#8221;<\/span>, (KFZ-Stander f\u00fcr Angeh\u00f6rige der Transporteinheiten der Luftwaffe),\u00a0\u00a0el KFZ o\u00a0Sonderkraftfahrzeug era utilizado para denominar los veh\u00edculos especiales militares durante la Segunda Guerra Mundial. De forma triangular, con marco cerrado met\u00e1lico,\u00a0de\u00a0 lino azul-gris\u00a0con <span style=\"font-size: medium\"><span style=\"font-family: Verdana\">\u00e1guila bordada\u00a0a ambos lados mirando a la izquierda.\u00a0\u00a0Algo descolorido por el uso, pero en perfecto estado. Mide 36 x 22 cm. <\/span><\/span><\/p>\n<\/div>\n","protected":false},"featured_media":5568,"template":"","meta":[],"product_brand":[],"product_cat":[172,224],"product_tag":[],"class_list":{"0":"post-5567","1":"product","2":"type-product","3":"status-publish","4":"has-post-thumbnail","6":"product_cat-militaria-alemana-ww2","7":"product_cat-archivo-vendidos","8":"sales-flash-overlay","9":"woocommerce-text-align-center","10":"woocommerce-image-align-center","11":"do-quantity-buttons","13":"first","14":"outofstock","15":"product-type-simple"},"_links":{"self":[{"href":"https:\/\/original-militaria.com\/en\/wp-json\/wp\/v2\/product\/5567","targetHints":{"allow":["GET"]}}],"collection":[{"href":"https:\/\/original-militaria.com\/en\/wp-json\/wp\/v2\/product"}],"about":[{"href":"https:\/\/original-militaria.com\/en\/wp-json\/wp\/v2\/types\/product"}],"wp:featuredmedia":[{"embeddable":true,"href":"https:\/\/original-militaria.com\/en\/wp-json\/wp\/v2\/media\/5568"}],"wp:attachment":[{"href":"https:\/\/original-militaria.com\/en\/wp-json\/wp\/v2\/media?parent=5567"}],"wp:term":[{"taxonomy":"product_brand","embeddable":true,"href":"https:\/\/original-militaria.com\/en\/wp-json\/wp\/v2\/product_brand?post=5567"},{"taxonomy":"product_cat","embeddable":true,"href":"https:\/\/original-militaria.com\/en\/wp-json\/wp\/v2\/product_cat?post=5567"},{"taxonomy":"product_tag","embeddable":true,"href":"https:\/\/original-militaria.com\/en\/wp-json\/wp\/v2\/product_tag?post=5567"}],"curies":[{"name":"wp","href":"https:\/\/api.w.org\/{rel}","templated":true}]}}

WH/LW, Banderín de Coche para Miembros de las Unidades de Transporte

<div id="result_box" dir="ltr" align="justify">
<p class="MsoNormal"><span style="font-size: 12pt;font-family: verdana, geneva, sans-serif"><strong>ANTECEDENTES: </strong>Las fuerzas armadas alemanas del Tercer Reich utilizaron una amplia variedad de banderas y banderines identificativos  específicas para uso de las unidades oficiales, estas variaban de tamaño según el Alto Mando, unidades y tamaño del batallón. En general las banderas y banderines fueron diseñados utilizando el tamaño de la unidad táctica básica y los símbolos adecuados. El banderín se ponía en el guardabarros delantero derecho en los coches oficiales.   </span></p>
<p><span style="font-size: 12pt;font-family: verdana, geneva, sans-serif"><strong>DESCRIPCIÓN:</strong> Extremadamente raro Banderín de vehículo para <span style="color: #ff0000">&#8220;Miembros de las unidades de transporte de la Luftwaffe&#8221;</span>, (KFZ-Stander für Angehörige der Transporteinheiten der Luftwaffe),  el KFZ o Sonderkraftfahrzeug era utilizado para denominar los vehículos especiales militares durante la Segunda Guerra Mundial. De forma triangular, con marco cerrado metálico, de  lino azul-gris con águila bordada a ambos lados mirando a la izquierda.  Algo descolorido por el uso, pero en perfecto estado. Mide 36 x 22 cm. </span></p>
</div>

<div id="result_box" dir="ltr" align="justify">
<p class="MsoNormal"><span style="font-size: medium"><strong><span style="font-family: Verdana">ANTECEDENTES: </span></strong><span style="font-family: Verdana">Las fuerzas armadas alemanas del Tercer Reich utilizaron una amplia variedad de banderas y banderines identificativos  específicas para uso de las unidades oficiales, estas variaban de tamaño según el Alto Mando, unidades y tamaño del batallón. En general las banderas y banderines fueron diseñados utilizando el tamaño de la unidad táctica básica y los símbolos adecuados. El banderín se ponía en el guardabarros delantero derecho en los coches oficiales.   </span></span></p>
<p><strong><span style="font-family: Verdana">DESCRIPCIÓN:</span></strong> Extremadamente raro Banderín de vehículo para <span style="color: #ff0000">&#8220;Miembros de las unidades de transporte de la Luftwaffe&#8221;</span>, (KFZ-Stander für Angehörige der Transporteinheiten der Luftwaffe),  el KFZ o Sonderkraftfahrzeug era utilizado para denominar los vehículos especiales militares durante la Segunda Guerra Mundial. De forma triangular, con marco cerrado metálico, de  lino azul-gris con <span style="font-size: medium"><span style="font-family: Verdana">águila bordada a ambos lados mirando a la izquierda.  Algo descolorido por el uso, pero en perfecto estado. Mide 36 x 22 cm. </span></span></p>
</div>
