{"id":16553,"date":"2018-01-14T10:59:15","date_gmt":"2018-01-14T10:59:15","guid":{"rendered":"https:\/\/original-militaria.com\/?post_type=product&#038;p=16553"},"modified":"2022-01-31T19:08:59","modified_gmt":"2022-01-31T18:08:59","slug":"medalla-conmemorativa-del-1-de-octubre-de-1938","status":"publish","type":"product","link":"https:\/\/original-militaria.com\/en\/producto\/medalla-conmemorativa-del-1-de-octubre-de-1938\/","title":{"rendered":"Wehrmacht\/ Commemoratie Medal of October 1Th &#8212; Medalla Conmemorativa del 1 de octubre de 1938"},"content":{"rendered":"<p style=\"text-align: justify\"><span style=\"font-family: verdana, geneva, sans-serif;font-size: 12pt\"><strong>ANTECEDENTES:<\/strong>\u00a0La Medalla Conmemorativa del 1 de octubre de 1938 fue la segunda de la serie de medallas &#8220;Anschluss&#8221; (Anexi\u00f3n) y fue presentada el 18 de octubre de 1938 para premiar a civiles y militares que participaron en el &#8220;regreso&#8221; de los Sudetes a Alemania. El premio sigui\u00f3 el mismo dise\u00f1o que la anterior medalla &#8220;13 de Marzo de 1938&#8221;, que conmemoraba la anexi\u00f3n de Austria a la Gran Alemania.<\/span><\/p>\n<p style=\"text-align: justify\"><span style=\"font-family: verdana, geneva, sans-serif;font-size: 12pt\"><span style=\"font-family: verdana, geneva, sans-serif\"><b>DESCRIPCI\u00d3N<\/b><\/span><strong style=\"font-family: verdana, geneva, sans-serif;font-size: 12pt\">:<\/strong><span style=\"font-family: verdana, geneva, sans-serif\"><span style=\"font-size: 12pt\">\u00a0Medalla del 1 de octubre de 1938 (Medaille zur Erinnerung an den 1 Oktober 1938).\u00a0 La medalla se completa con su cinta. Sin limpiar<\/span><\/span><\/span><\/p>\n","protected":false},"excerpt":{"rendered":"<p>ANTECEDENTES:\u00a0La Medalla Conmemorativa del 1 de octubre de 1938 fue la segunda de la serie de medallas &#8220;Anschluss&#8221; (Anexi\u00f3n) y fue presentada el 18 de octubre de 1938 para premiar a civiles y militares que participaron en el &#8220;regreso&#8221; de los Sudetes a Alemania. El premio sigui\u00f3 el mismo dise\u00f1o que la anterior medalla &#8220;13 &#8230; <a title=\"Wehrmacht\/ Commemoratie Medal of October 1Th &#8212; Medalla Conmemorativa del 1 de octubre de 1938\" class=\"read-more\" href=\"https:\/\/original-militaria.com\/en\/producto\/medalla-conmemorativa-del-1-de-octubre-de-1938\/\" aria-label=\"Read more about Wehrmacht\/ Commemoratie Medal of October 1Th &#8212; Medalla Conmemorativa del 1 de octubre de 1938\">Leer m\u00e1s<\/a><\/p>\n","protected":false},"featured_media":16554,"template":"","meta":[],"product_brand":[],"product_cat":[172,224],"product_tag":[],"class_list":{"0":"post-16553","1":"product","2":"type-product","3":"status-publish","4":"has-post-thumbnail","6":"product_cat-militaria-alemana-ww2","7":"product_cat-archivo-vendidos","8":"sales-flash-overlay","9":"woocommerce-text-align-center","10":"woocommerce-image-align-center","11":"do-quantity-buttons","13":"first","14":"outofstock","15":"sold-individually","16":"shipping-taxable","17":"product-type-simple"},"_links":{"self":[{"href":"https:\/\/original-militaria.com\/en\/wp-json\/wp\/v2\/product\/16553","targetHints":{"allow":["GET"]}}],"collection":[{"href":"https:\/\/original-militaria.com\/en\/wp-json\/wp\/v2\/product"}],"about":[{"href":"https:\/\/original-militaria.com\/en\/wp-json\/wp\/v2\/types\/product"}],"wp:featuredmedia":[{"embeddable":true,"href":"https:\/\/original-militaria.com\/en\/wp-json\/wp\/v2\/media\/16554"}],"wp:attachment":[{"href":"https:\/\/original-militaria.com\/en\/wp-json\/wp\/v2\/media?parent=16553"}],"wp:term":[{"taxonomy":"product_brand","embeddable":true,"href":"https:\/\/original-militaria.com\/en\/wp-json\/wp\/v2\/product_brand?post=16553"},{"taxonomy":"product_cat","embeddable":true,"href":"https:\/\/original-militaria.com\/en\/wp-json\/wp\/v2\/product_cat?post=16553"},{"taxonomy":"product_tag","embeddable":true,"href":"https:\/\/original-militaria.com\/en\/wp-json\/wp\/v2\/product_tag?post=16553"}],"curies":[{"name":"wp","href":"https:\/\/api.w.org\/{rel}","templated":true}]}}

<p style="text-align: justify"><span style="font-family: verdana, geneva, sans-serif;font-size: 12pt"><strong>ANTECEDENTES:</strong> La Medalla Conmemorativa del 1 de octubre de 1938 fue la segunda de la serie de medallas &#8220;Anschluss&#8221; (Anexión) y fue presentada el 18 de octubre de 1938 para premiar a civiles y militares que participaron en el &#8220;regreso&#8221; de los Sudetes a Alemania. El premio siguió el mismo diseño que la anterior medalla &#8220;13 de Marzo de 1938&#8221;, que conmemoraba la anexión de Austria a la Gran Alemania.</span></p>
<p style="text-align: justify"><span style="font-family: verdana, geneva, sans-serif;font-size: 12pt"><span style="font-family: verdana, geneva, sans-serif"><b>DESCRIPCIÓN</b></span><strong style="font-family: verdana, geneva, sans-serif;font-size: 12pt">:</strong><span style="font-family: verdana, geneva, sans-serif"><span style="font-size: 12pt"> Medalla del 1 de octubre de 1938 (Medaille zur Erinnerung an den 1 Oktober 1938).  La medalla se completa con su cinta. Sin limpiar</span></span></span></p>

<p>ANTECEDENTES: La Medalla Conmemorativa del 1 de octubre de 1938 fue la segunda de la serie de medallas &#8220;Anschluss&#8221; (Anexión) y fue presentada el 18 de octubre de 1938 para premiar a civiles y militares que participaron en el &#8220;regreso&#8221; de los Sudetes a Alemania. El premio siguió el mismo diseño que la anterior medalla &#8220;13 &#8230; <a title="Wehrmacht/ Commemoratie Medal of October 1Th &#8212; Medalla Conmemorativa del 1 de octubre de 1938" class="read-more" href="https://original-militaria.com/en/producto/medalla-conmemorativa-del-1-de-octubre-de-1938/" aria-label="Read more about Wehrmacht/ Commemoratie Medal of October 1Th &#8212; Medalla Conmemorativa del 1 de octubre de 1938">Leer más</a></p>
