{"id":16253,"date":"2017-11-13T17:32:41","date_gmt":"2017-11-13T17:32:41","guid":{"rendered":"https:\/\/original-militaria.com\/?post_type=product&#038;p=16253"},"modified":"2025-11-01T00:28:06","modified_gmt":"2025-10-31T23:28:06","slug":"libro-die-wehrmacht-vol-2-en-tapa-dura","status":"publish","type":"product","link":"https:\/\/original-militaria.com\/en\/producto\/libro-die-wehrmacht-vol-2-en-tapa-dura\/","title":{"rendered":"Libro &#8220;Die Wehrmacht&#8221; Vol. 2 en Tapa Dura"},"content":{"rendered":"<p style=\"text-align: justify;\"><span style=\"font-family: verdana, geneva, sans-serif; font-size: 12pt;\">Libro editado en tapa dura de\u00a0 Robert Johnson y Uwe Feist, formato grande, con m\u00e1s de 400 fotos en color y blanco y negro acompa\u00f1adas por textos detallados, este nuevo libro cubre los equipos, armas y accesorios utilizados por la Wehrmacht alemana de 1935 a 1945, con \u00e9nfasis en armas de apoyo como morteros y nebelwerfers, as\u00ed como armas personales, incluidas las granadas de mano , los panzerfaust, y el veh\u00edculo tele dirigido llamado\u00a0Goliath.<\/span><\/p>\n","protected":false},"excerpt":{"rendered":"<p>Libro editado en tapa dura de\u00a0 Robert Johnson y Uwe Feist, formato grande, con m\u00e1s de 400 fotos en color y blanco y negro acompa\u00f1adas por textos detallados, este nuevo libro cubre los equipos, armas y accesorios utilizados por la Wehrmacht alemana de 1935 a 1945, con \u00e9nfasis en armas de apoyo como morteros y &#8230; <a title=\"Libro &#8220;Die Wehrmacht&#8221; Vol. 2 en Tapa Dura\" class=\"read-more\" href=\"https:\/\/original-militaria.com\/en\/producto\/libro-die-wehrmacht-vol-2-en-tapa-dura\/\" aria-label=\"Read more about Libro &#8220;Die Wehrmacht&#8221; Vol. 2 en Tapa Dura\">Leer m\u00e1s<\/a><\/p>\n","protected":false},"featured_media":16254,"template":"","meta":[],"product_brand":[],"product_cat":[172,224],"product_tag":[],"class_list":{"0":"post-16253","1":"product","2":"type-product","3":"status-publish","4":"has-post-thumbnail","6":"product_cat-militaria-alemana-ww2","7":"product_cat-archivo-vendidos","8":"sales-flash-overlay","9":"woocommerce-text-align-center","10":"woocommerce-image-align-center","11":"do-quantity-buttons","13":"first","14":"outofstock","15":"sold-individually","16":"shipping-taxable","17":"product-type-simple"},"_links":{"self":[{"href":"https:\/\/original-militaria.com\/en\/wp-json\/wp\/v2\/product\/16253","targetHints":{"allow":["GET"]}}],"collection":[{"href":"https:\/\/original-militaria.com\/en\/wp-json\/wp\/v2\/product"}],"about":[{"href":"https:\/\/original-militaria.com\/en\/wp-json\/wp\/v2\/types\/product"}],"wp:featuredmedia":[{"embeddable":true,"href":"https:\/\/original-militaria.com\/en\/wp-json\/wp\/v2\/media\/16254"}],"wp:attachment":[{"href":"https:\/\/original-militaria.com\/en\/wp-json\/wp\/v2\/media?parent=16253"}],"wp:term":[{"taxonomy":"product_brand","embeddable":true,"href":"https:\/\/original-militaria.com\/en\/wp-json\/wp\/v2\/product_brand?post=16253"},{"taxonomy":"product_cat","embeddable":true,"href":"https:\/\/original-militaria.com\/en\/wp-json\/wp\/v2\/product_cat?post=16253"},{"taxonomy":"product_tag","embeddable":true,"href":"https:\/\/original-militaria.com\/en\/wp-json\/wp\/v2\/product_tag?post=16253"}],"curies":[{"name":"wp","href":"https:\/\/api.w.org\/{rel}","templated":true}]}}

<p style="text-align: justify;"><span style="font-family: verdana, geneva, sans-serif; font-size: 12pt;">Libro editado en tapa dura de  Robert Johnson y Uwe Feist, formato grande, con más de 400 fotos en color y blanco y negro acompañadas por textos detallados, este nuevo libro cubre los equipos, armas y accesorios utilizados por la Wehrmacht alemana de 1935 a 1945, con énfasis en armas de apoyo como morteros y nebelwerfers, así como armas personales, incluidas las granadas de mano , los panzerfaust, y el vehículo tele dirigido llamado Goliath.</span></p>

<p>Libro editado en tapa dura de  Robert Johnson y Uwe Feist, formato grande, con más de 400 fotos en color y blanco y negro acompañadas por textos detallados, este nuevo libro cubre los equipos, armas y accesorios utilizados por la Wehrmacht alemana de 1935 a 1945, con énfasis en armas de apoyo como morteros y &#8230; <a title="Libro &#8220;Die Wehrmacht&#8221; Vol. 2 en Tapa Dura" class="read-more" href="https://original-militaria.com/en/producto/libro-die-wehrmacht-vol-2-en-tapa-dura/" aria-label="Read more about Libro &#8220;Die Wehrmacht&#8221; Vol. 2 en Tapa Dura">Leer más</a></p>
