{"id":12443,"date":"2017-09-05T12:03:41","date_gmt":"2017-09-05T12:03:41","guid":{"rendered":"https:\/\/original-militaria.com\/?post_type=product&#038;p=12443"},"modified":"2020-11-28T22:46:02","modified_gmt":"2020-11-28T22:46:02","slug":"medalla-al-merito-turistico-con-su-miniatura","status":"publish","type":"product","link":"https:\/\/original-militaria.com\/en\/producto\/medalla-al-merito-turistico-con-su-miniatura\/","title":{"rendered":"Medalla al M\u00e9rito Tur\u00edstico con su Miniatura"},"content":{"rendered":"<p style=\"text-align: justify\"><strong><span style=\"font-size: medium\"><span style=\"font-family: Verdana\">ANTECEDENTES:<\/span><\/span><\/strong><span style=\"font-size: medium\"><span style=\"font-family: Verdana\"> La Medalla al M\u00e9rito Tur\u00edstico fue una condecoraci\u00f3n de car\u00e1cter civil honor\u00edfico que se cre\u00f3 en el a\u00f1o 1963. Se otorgaba anualmente a personas (tanto espa\u00f1olas como extranjeras) que hab\u00edan prestado servicios destacados dentro del sector tur\u00edstico, y siempre a trav\u00e9s de una propuesta del Ministro. <\/span><\/span><\/p>\n<p style=\"text-align: justify\"><strong><span style=\"font-size: medium\"><span style=\"font-family: Verdana\">DESCRIPCION:<\/span><\/span><\/strong><span style=\"font-size: medium\"><span style=\"font-family: Verdana\"> Medalla al M\u00e9rito Tur\u00edstico con su miniatura en excelente estado. No se ven muchas ya. <\/span><\/span><\/p>\n","protected":false},"excerpt":{"rendered":"<p style=\"text-align: justify\"><strong><span style=\"font-size: medium\"><span style=\"font-family: Verdana\">ANTECEDENTES:<\/span><\/span><\/strong><span style=\"font-size: medium\"><span style=\"font-family: Verdana\"> La Medalla al M\u00e9rito Tur\u00edstico\u00a0fue una condecoraci\u00f3n de car\u00e1cter civil honor\u00edfico que se cre\u00f3 en el a\u00f1o 1963. Se otorgaba anualmente a personas (tanto espa\u00f1olas como extranjeras) que habian prestado servicios destacados dentro del sector tur\u00edstico, y siempre a trav\u00e9s de una propuesta del Ministro. <\/span><\/span><\/p>\n<p style=\"text-align: justify\"><strong><span style=\"font-size: medium\"><span style=\"font-family: Verdana\">DESCRIPCION:<\/span><\/span><\/strong><span style=\"font-size: medium\"><span style=\"font-family: Verdana\"> Medalla al M\u00e9rito Tur\u00edstico con su miniatura en excelente estado. No se ven muchas ya. <\/span><\/span><\/p>\n","protected":false},"featured_media":12444,"template":"","meta":[],"product_brand":[],"product_cat":[195],"product_tag":[],"class_list":{"0":"post-12443","1":"product","2":"type-product","3":"status-publish","4":"has-post-thumbnail","6":"product_cat-epoca-de-franco","7":"sales-flash-overlay","8":"woocommerce-text-align-center","9":"woocommerce-image-align-center","10":"do-quantity-buttons","12":"first","13":"instock","14":"purchasable","15":"product-type-simple"},"_links":{"self":[{"href":"https:\/\/original-militaria.com\/en\/wp-json\/wp\/v2\/product\/12443","targetHints":{"allow":["GET"]}}],"collection":[{"href":"https:\/\/original-militaria.com\/en\/wp-json\/wp\/v2\/product"}],"about":[{"href":"https:\/\/original-militaria.com\/en\/wp-json\/wp\/v2\/types\/product"}],"wp:featuredmedia":[{"embeddable":true,"href":"https:\/\/original-militaria.com\/en\/wp-json\/wp\/v2\/media\/12444"}],"wp:attachment":[{"href":"https:\/\/original-militaria.com\/en\/wp-json\/wp\/v2\/media?parent=12443"}],"wp:term":[{"taxonomy":"product_brand","embeddable":true,"href":"https:\/\/original-militaria.com\/en\/wp-json\/wp\/v2\/product_brand?post=12443"},{"taxonomy":"product_cat","embeddable":true,"href":"https:\/\/original-militaria.com\/en\/wp-json\/wp\/v2\/product_cat?post=12443"},{"taxonomy":"product_tag","embeddable":true,"href":"https:\/\/original-militaria.com\/en\/wp-json\/wp\/v2\/product_tag?post=12443"}],"curies":[{"name":"wp","href":"https:\/\/api.w.org\/{rel}","templated":true}]}}

Medalla al Mérito Turístico con su Miniatura

<p style="text-align: justify"><strong><span style="font-size: medium"><span style="font-family: Verdana">ANTECEDENTES:</span></span></strong><span style="font-size: medium"><span style="font-family: Verdana"> La Medalla al Mérito Turístico fue una condecoración de carácter civil honorífico que se creó en el año 1963. Se otorgaba anualmente a personas (tanto españolas como extranjeras) que habían prestado servicios destacados dentro del sector turístico, y siempre a través de una propuesta del Ministro. </span></span></p>
<p style="text-align: justify"><strong><span style="font-size: medium"><span style="font-family: Verdana">DESCRIPCION:</span></span></strong><span style="font-size: medium"><span style="font-family: Verdana"> Medalla al Mérito Turístico con su miniatura en excelente estado. No se ven muchas ya. </span></span></p>

<p style="text-align: justify"><strong><span style="font-size: medium"><span style="font-family: Verdana">ANTECEDENTES:</span></span></strong><span style="font-size: medium"><span style="font-family: Verdana"> La Medalla al Mérito Turístico fue una condecoración de carácter civil honorífico que se creó en el año 1963. Se otorgaba anualmente a personas (tanto españolas como extranjeras) que habian prestado servicios destacados dentro del sector turístico, y siempre a través de una propuesta del Ministro. </span></span></p>
<p style="text-align: justify"><strong><span style="font-size: medium"><span style="font-family: Verdana">DESCRIPCION:</span></span></strong><span style="font-size: medium"><span style="font-family: Verdana"> Medalla al Mérito Turístico con su miniatura en excelente estado. No se ven muchas ya. </span></span></p>
