{"id":12187,"date":"2017-09-05T12:02:17","date_gmt":"2017-09-05T12:02:17","guid":{"rendered":"https:\/\/original-militaria.com\/?post_type=product&#038;p=12187"},"modified":"2022-01-31T19:08:21","modified_gmt":"2022-01-31T18:08:21","slug":"waffen-ss-mascara-facial-de-francotirador","status":"publish","type":"product","link":"https:\/\/original-militaria.com\/en\/producto\/waffen-ss-mascara-facial-de-francotirador\/","title":{"rendered":"Waffen SS\/  Camouflage Face Masks &#8211;Waffen SS\/ M\u00e1scara Facial de Francotirador"},"content":{"rendered":"<p style=\"text-align: justify\"><strong><span style=\"font-size: medium\"><span style=\"font-family: Verdana\">DESCRIPCION: <\/span><\/span><\/strong><span style=\"font-size: medium\"><span style=\"font-family: Verdana\">Excepcional y\u00a0rara m\u00e1scara facial no reglamentaria de camuflaje para unidades de francotiradores de las Waffen-SS (Scharfsch\u00fctzenmaske), modelo &#8220;SS- platanenmuster&#8221; (oto\u00f1o-invierno), forrada de pelo, completa con todas sus cintas, adem\u00e1s de usarlas para el camuflaje eran usadas tambi\u00e9n para el fr\u00edo. Viene con logo y\u00a0manufactura del fabricante. Est\u00e1 en perfecto estado.<\/span><\/span><\/p>\n<p style=\"text-align: justify\"><strong><span style=\"font-size: medium\"><span style=\"font-family: Verdana\">Nota.-<\/span><\/span><\/strong><span style=\"font-size: medium\"><span style=\"font-family: Verdana\"> Hemos adquirido una peque\u00f1a colecci\u00f3n de prendas de cabeza y cascos alemanes de WW2 provenientes de una de las mejores colecciones de Europa con m\u00e1s de 400 piezas de todo tipo, su propietario fue coautor de libros especializados, y muchos de sus cascos y gorras, que ya no se encuentran actualmente en el mercado, sirvier\u00f3n para ilustrarlos. <\/span><\/span><\/p>\n<p style=\"text-align: justify\"><strong><span style=\"font-size: medium\"><span style=\"font-family: Verdana\">Nota 1.-<\/span><\/span><\/strong><span style=\"font-size: medium\"><span style=\"font-family: Verdana\"> De este tipo de m\u00e1scara en concreto, hemos puesto 3 fotos con las que se ilustr\u00f3 el libro de Daniel Peterson de 1995 &#8220;Waffen SS Camouflage Uniforms and Post-war Derivates&#8221;, una obra maestra. <\/span><\/span><\/p>\n<p style=\"text-align: justify\"><span style=\"font-size: medium\"><span style=\"font-family: Verdana\">Tambi\u00e9n aparece esta mascara\u00a0y fotos de \u00e9poca de soldados con estas mascaras puestas en el tercer tomo del libro &#8220;Uniforms of the Waffen SS&#8221;, del famoso coleccionista y autor de varios libros Michel D. Beaver, p\u00e1gina 890 y se puede ver esta misma m\u00e1scara en el n\u00ba 1 de la revista &#8220;Les Tenues Camoufl\u00e9es&#8221;, p\u00e1gina 26. \u00a0<\/span><\/span><\/p>\n<p style=\"text-align: justify\"><strong><span style=\"font-size: medium\"><span style=\"font-family: Verdana\">Nota 2.-<\/span><\/span><\/strong><span style=\"font-size: medium\"><span style=\"font-family: Verdana\"> T<\/span><\/span><span style=\"font-size: medium\"><span style=\"font-family: Verdana\">ambi\u00e9n ponemos una foto de \u00e9poca de una p\u00e1gina polaca sobre la brigada Dirlewanger (36 Divisi\u00f3n de granaderos Waffen SS), a las ordenes del SS Oskar Dirlewanger, aunque es un modelo de camuflaje distinto.<\/span><\/span><\/p>\n<p>&nbsp;<\/p>\n","protected":false},"excerpt":{"rendered":"<p style=\"text-align: justify\"><strong><span style=\"font-size: medium\"><span style=\"font-family: Verdana\">DESCRIPCION: <\/span><\/span><\/strong><span style=\"font-size: medium\"><span style=\"font-family: Verdana\">Excepcional y\u00a0rara m\u00e1scara facial no reglamentaria de camuflaje para unidades de francotiradores de las Waffen-SS (Scharfsch\u00fctzenmaske), modelo &#8220;SS- platanenmuster&#8221; (oto\u00f1o-invierno), forrada de pelo, completa con todas sus cintas, adem\u00e1s de usarlas para el camuflaje eran usadas tambi\u00e9n para el fr\u00edo. Viene con logo y\u00a0manufactura del fabricante. Est\u00e1 en perfecto estado.<\/span><\/span><\/p>\n<p style=\"text-align: justify\"><strong><span style=\"font-size: medium\"><span style=\"font-family: Verdana\">Nota.-<\/span><\/span><\/strong><span style=\"font-size: medium\"><span style=\"font-family: Verdana\"> Hemos adquirido una peque\u00f1a\u00a0colecci\u00f3n\u00a0de prendas de cabeza y cascos alemanes de WW2 provenientes\u00a0de una de las mejores colecciones de Europa con m\u00e1s de\u00a0400 piezas de todo tipo,\u00a0su propietario fu\u00e9\u00a0coautor\u00a0de\u00a0libros\u00a0especializados, y muchos de sus cascos y gorras,\u00a0que ya no se encuentran actualmente en el mercado, sirvier\u00f3n para ilustrarlos. <\/span><\/span><\/p>\n<p style=\"text-align: justify\"><strong><span style=\"font-size: medium\"><span style=\"font-family: Verdana\">Nota 1.-<\/span><\/span><\/strong><span style=\"font-size: medium\"><span style=\"font-family: Verdana\"> De este tipo de m\u00e1scara en concreto, hemos puesto 3 fotos con las que se ilustr\u00f3 el libro de Daniel Peterson de 1995 <span style=\"color: #ff0000\">&#8220;Waffen SS Camouflage Uniforms and Post-war Derivates&#8221;<\/span>, una obra maestra. <\/span><\/span><\/p>\n<p style=\"text-align: justify\"><span style=\"font-size: medium\"><span style=\"font-family: Verdana\">Tambi\u00e9n aparece esta mascara\u00a0y fotos de \u00e9poca de soldados con estas mascaras puestas en el tercer tomo del libro <span style=\"color: #ff0000\">&#8220;Uniforms of the Waffen SS&#8221;<\/span>, del famoso coleccionista y autor de varios libros Michel D. Beaver, p\u00e1gina <span style=\"color: #ff0000\">890<\/span> y se puede ver esta misma m\u00e1scara en el n\u00ba 1 de la revista <span style=\"color: #ff0000\">&#8220;Les Tenues Camoufl\u00e9es&#8221;<\/span>, p\u00e1gina <span style=\"color: #ff0000\">26<\/span>. \u00a0<\/span><\/span><\/p>\n<p style=\"text-align: justify\"><strong><span style=\"font-size: medium\"><span style=\"font-family: Verdana\">Nota 2.-<\/span><\/span><\/strong><span style=\"font-size: medium\"><span style=\"font-family: Verdana\"> T<\/span><\/span><span style=\"font-size: medium\"><span style=\"font-family: Verdana\">ambi\u00e9n ponemos una foto de \u00e9poca de una p\u00e1gina polaca sobre la brigada Dirlewanger (36 Divisi\u00f3n de granaderos Waffen SS), a las ordenes del SS Oskar Dirlewanger, aunque es un modelo de camuflaje distinto.<\/span><\/span><\/p>\n<p>&nbsp;<\/p>\n","protected":false},"featured_media":12188,"template":"","meta":[],"product_brand":[],"product_cat":[224],"product_tag":[],"class_list":{"0":"post-12187","1":"product","2":"type-product","3":"status-publish","4":"has-post-thumbnail","6":"product_cat-archivo-vendidos","7":"sales-flash-overlay","8":"woocommerce-text-align-center","9":"woocommerce-image-align-center","10":"do-quantity-buttons","12":"first","13":"outofstock","14":"purchasable","15":"product-type-simple"},"_links":{"self":[{"href":"https:\/\/original-militaria.com\/en\/wp-json\/wp\/v2\/product\/12187","targetHints":{"allow":["GET"]}}],"collection":[{"href":"https:\/\/original-militaria.com\/en\/wp-json\/wp\/v2\/product"}],"about":[{"href":"https:\/\/original-militaria.com\/en\/wp-json\/wp\/v2\/types\/product"}],"wp:featuredmedia":[{"embeddable":true,"href":"https:\/\/original-militaria.com\/en\/wp-json\/wp\/v2\/media\/12188"}],"wp:attachment":[{"href":"https:\/\/original-militaria.com\/en\/wp-json\/wp\/v2\/media?parent=12187"}],"wp:term":[{"taxonomy":"product_brand","embeddable":true,"href":"https:\/\/original-militaria.com\/en\/wp-json\/wp\/v2\/product_brand?post=12187"},{"taxonomy":"product_cat","embeddable":true,"href":"https:\/\/original-militaria.com\/en\/wp-json\/wp\/v2\/product_cat?post=12187"},{"taxonomy":"product_tag","embeddable":true,"href":"https:\/\/original-militaria.com\/en\/wp-json\/wp\/v2\/product_tag?post=12187"}],"curies":[{"name":"wp","href":"https:\/\/api.w.org\/{rel}","templated":true}]}}

Waffen SS/  Camouflage Face Masks &#8211;Waffen SS/ Máscara Facial de Francotirador

<p style="text-align: justify"><strong><span style="font-size: medium"><span style="font-family: Verdana">DESCRIPCION: </span></span></strong><span style="font-size: medium"><span style="font-family: Verdana">Excepcional y rara máscara facial no reglamentaria de camuflaje para unidades de francotiradores de las Waffen-SS (Scharfschützenmaske), modelo &#8220;SS- platanenmuster&#8221; (otoño-invierno), forrada de pelo, completa con todas sus cintas, además de usarlas para el camuflaje eran usadas también para el frío. Viene con logo y manufactura del fabricante. Está en perfecto estado.</span></span></p>
<p style="text-align: justify"><strong><span style="font-size: medium"><span style="font-family: Verdana">Nota.-</span></span></strong><span style="font-size: medium"><span style="font-family: Verdana"> Hemos adquirido una pequeña colección de prendas de cabeza y cascos alemanes de WW2 provenientes de una de las mejores colecciones de Europa con más de 400 piezas de todo tipo, su propietario fue coautor de libros especializados, y muchos de sus cascos y gorras, que ya no se encuentran actualmente en el mercado, sirvierón para ilustrarlos. </span></span></p>
<p style="text-align: justify"><strong><span style="font-size: medium"><span style="font-family: Verdana">Nota 1.-</span></span></strong><span style="font-size: medium"><span style="font-family: Verdana"> De este tipo de máscara en concreto, hemos puesto 3 fotos con las que se ilustró el libro de Daniel Peterson de 1995 &#8220;Waffen SS Camouflage Uniforms and Post-war Derivates&#8221;, una obra maestra. </span></span></p>
<p style="text-align: justify"><span style="font-size: medium"><span style="font-family: Verdana">También aparece esta mascara y fotos de época de soldados con estas mascaras puestas en el tercer tomo del libro &#8220;Uniforms of the Waffen SS&#8221;, del famoso coleccionista y autor de varios libros Michel D. Beaver, página 890 y se puede ver esta misma máscara en el nº 1 de la revista &#8220;Les Tenues Camouflées&#8221;, página 26.  </span></span></p>
<p style="text-align: justify"><strong><span style="font-size: medium"><span style="font-family: Verdana">Nota 2.-</span></span></strong><span style="font-size: medium"><span style="font-family: Verdana"> T</span></span><span style="font-size: medium"><span style="font-family: Verdana">ambién ponemos una foto de época de una página polaca sobre la brigada Dirlewanger (36 División de granaderos Waffen SS), a las ordenes del SS Oskar Dirlewanger, aunque es un modelo de camuflaje distinto.</span></span></p>
<p>&nbsp;</p>

<p style="text-align: justify"><strong><span style="font-size: medium"><span style="font-family: Verdana">DESCRIPCION: </span></span></strong><span style="font-size: medium"><span style="font-family: Verdana">Excepcional y rara máscara facial no reglamentaria de camuflaje para unidades de francotiradores de las Waffen-SS (Scharfschützenmaske), modelo &#8220;SS- platanenmuster&#8221; (otoño-invierno), forrada de pelo, completa con todas sus cintas, además de usarlas para el camuflaje eran usadas también para el frío. Viene con logo y manufactura del fabricante. Está en perfecto estado.</span></span></p>
<p style="text-align: justify"><strong><span style="font-size: medium"><span style="font-family: Verdana">Nota.-</span></span></strong><span style="font-size: medium"><span style="font-family: Verdana"> Hemos adquirido una pequeña colección de prendas de cabeza y cascos alemanes de WW2 provenientes de una de las mejores colecciones de Europa con más de 400 piezas de todo tipo, su propietario fué coautor de libros especializados, y muchos de sus cascos y gorras, que ya no se encuentran actualmente en el mercado, sirvierón para ilustrarlos. </span></span></p>
<p style="text-align: justify"><strong><span style="font-size: medium"><span style="font-family: Verdana">Nota 1.-</span></span></strong><span style="font-size: medium"><span style="font-family: Verdana"> De este tipo de máscara en concreto, hemos puesto 3 fotos con las que se ilustró el libro de Daniel Peterson de 1995 <span style="color: #ff0000">&#8220;Waffen SS Camouflage Uniforms and Post-war Derivates&#8221;</span>, una obra maestra. </span></span></p>
<p style="text-align: justify"><span style="font-size: medium"><span style="font-family: Verdana">También aparece esta mascara y fotos de época de soldados con estas mascaras puestas en el tercer tomo del libro <span style="color: #ff0000">&#8220;Uniforms of the Waffen SS&#8221;</span>, del famoso coleccionista y autor de varios libros Michel D. Beaver, página <span style="color: #ff0000">890</span> y se puede ver esta misma máscara en el nº 1 de la revista <span style="color: #ff0000">&#8220;Les Tenues Camouflées&#8221;</span>, página <span style="color: #ff0000">26</span>.  </span></span></p>
<p style="text-align: justify"><strong><span style="font-size: medium"><span style="font-family: Verdana">Nota 2.-</span></span></strong><span style="font-size: medium"><span style="font-family: Verdana"> T</span></span><span style="font-size: medium"><span style="font-family: Verdana">ambién ponemos una foto de época de una página polaca sobre la brigada Dirlewanger (36 División de granaderos Waffen SS), a las ordenes del SS Oskar Dirlewanger, aunque es un modelo de camuflaje distinto.</span></span></p>
<p>&nbsp;</p>
