{"id":11217,"date":"2017-09-05T11:57:22","date_gmt":"2017-09-05T11:57:22","guid":{"rendered":"https:\/\/original-militaria.com\/?post_type=product&#038;p=11217"},"modified":"2024-07-16T12:27:03","modified_gmt":"2024-07-16T10:27:03","slug":"busto-de-franco-en-bronce","status":"publish","type":"product","link":"https:\/\/original-militaria.com\/en\/producto\/busto-de-franco-en-bronce\/","title":{"rendered":"Busto de Franco en Bronce"},"content":{"rendered":"<p align=\"justify\"><span style=\"font-family: Verdana; font-size: medium;\"><strong>ANTECEDENTES:<\/strong> Francisco Franco Bahamonde (naci\u00f3 en el Ferrol, La Coru\u00f1a, el 4 de diciembre de 1892 \u2013 muri\u00f3 en Madrid, el 20 de noviembre de 1975), conocido como Francisco Franco o simplemente Franco, militar\u00a0espa\u00f1ol, golpista integrante del pronunciamiento militar de 1936 que desemboc\u00f3 en la Guerra Civil Espa\u00f1ola.\u00a0Investido como Jefe Supremo del bando sublevado el 1 de octubre de 1936, ejerciendo como Jefe de Estado de Espa\u00f1a desde el t\u00e9rmino del conflicto, hasta su fallecimiento en 1975. L\u00edder del partido \u00fanico Falange Espa\u00f1ola Tradicionalista y de las JONS, fue inspirador del movimiento ideol\u00f3gico\u00a0conocido como franquismo. Aglutin\u00f3 en torno al culto a su persona, a diferentes tendencias del conservadurismo, del nacionalismo y del catolicismo opuestas a la izquierda pol\u00edtica.<\/span><\/p>\n<p align=\"justify\"><span style=\"font-family: Verdana; font-size: medium;\"><strong>DESCRIPCION:<\/strong> Busto de bronce del General Franco en uniforme, de principio de los a\u00f1os 60, sobre doble peana de m\u00e1rmol de forma circular ambas. Mide 30cm con la peana y\u00a0\u00a020cm la efigie sin la peana, de ancho mide 14 cm, y de fondo 14 cm. Excelente calidad.<\/span><\/p>\n","protected":false},"excerpt":{"rendered":"<p align=\"justify\"><span style=\"font-family: Verdana; font-size: medium;\"><strong>ANTECEDENTES:<\/strong> Francisco Franco Bahamonde (naci\u00f3 en el Ferrol, La Coru\u00f1a, el 4 de diciembre de 1892 \u2013 muri\u00f3 en Madrid, el 20 de noviembre de 1975), conocido como Francisco Franco o simplemente Franco, militar\u00a0espa\u00f1ol, golpista integrante del pronunciamiento militar de 1936 que desemboc\u00f3 en la Guerra Civil Espa\u00f1ola.\u00a0Investido como Jefe Supremo del bando sublevado el 1 de octubre de 1936, ejerciendo como Jefe de Estado de Espa\u00f1a desde el t\u00e9rmino del conflicto, hasta su fallecimiento en 1975. L\u00edder del partido \u00fanico Falange Espa\u00f1ola Tradicionalista y de las JONS, fue inspirador del movimiento ideol\u00f3gico\u00a0conocido como franquismo. Aglutin\u00f3 en torno al culto a su persona, a diferentes tendencias del conservadurismo, del nacionalismo y del catolicismo opuestas a la izquierda pol\u00edtica.<\/span><\/p>\n<p align=\"justify\"><span style=\"font-family: Verdana; font-size: medium;\"><strong>DESCRIPCION:<\/strong> Busto de bronce del General Franco en uniforme, de principio de los a\u00f1os 60, sobre doble peana de m\u00e1rmol de forma circular ambas. Mide 30cm con la peana y\u00a0\u00a020cm la efigie sin la peana, de ancho mide 14 cm, y de fondo 14 cm. Excelente calidad.<\/span><\/p>\n","protected":false},"featured_media":11218,"template":"","meta":[],"product_brand":[],"product_cat":[173,224],"product_tag":[],"class_list":{"0":"post-11217","1":"product","2":"type-product","3":"status-publish","4":"has-post-thumbnail","6":"product_cat-militaria-espanola","7":"product_cat-archivo-vendidos","8":"sales-flash-overlay","9":"woocommerce-text-align-center","10":"woocommerce-image-align-center","11":"do-quantity-buttons","13":"first","14":"outofstock","15":"product-type-simple"},"_links":{"self":[{"href":"https:\/\/original-militaria.com\/en\/wp-json\/wp\/v2\/product\/11217","targetHints":{"allow":["GET"]}}],"collection":[{"href":"https:\/\/original-militaria.com\/en\/wp-json\/wp\/v2\/product"}],"about":[{"href":"https:\/\/original-militaria.com\/en\/wp-json\/wp\/v2\/types\/product"}],"wp:featuredmedia":[{"embeddable":true,"href":"https:\/\/original-militaria.com\/en\/wp-json\/wp\/v2\/media\/11218"}],"wp:attachment":[{"href":"https:\/\/original-militaria.com\/en\/wp-json\/wp\/v2\/media?parent=11217"}],"wp:term":[{"taxonomy":"product_brand","embeddable":true,"href":"https:\/\/original-militaria.com\/en\/wp-json\/wp\/v2\/product_brand?post=11217"},{"taxonomy":"product_cat","embeddable":true,"href":"https:\/\/original-militaria.com\/en\/wp-json\/wp\/v2\/product_cat?post=11217"},{"taxonomy":"product_tag","embeddable":true,"href":"https:\/\/original-militaria.com\/en\/wp-json\/wp\/v2\/product_tag?post=11217"}],"curies":[{"name":"wp","href":"https:\/\/api.w.org\/{rel}","templated":true}]}}

<p align="justify"><span style="font-family: Verdana; font-size: medium;"><strong>ANTECEDENTES:</strong> Francisco Franco Bahamonde (nació en el Ferrol, La Coruña, el 4 de diciembre de 1892 – murió en Madrid, el 20 de noviembre de 1975), conocido como Francisco Franco o simplemente Franco, militar español, golpista integrante del pronunciamiento militar de 1936 que desembocó en la Guerra Civil Española. Investido como Jefe Supremo del bando sublevado el 1 de octubre de 1936, ejerciendo como Jefe de Estado de España desde el término del conflicto, hasta su fallecimiento en 1975. Líder del partido único Falange Española Tradicionalista y de las JONS, fue inspirador del movimiento ideológico conocido como franquismo. Aglutinó en torno al culto a su persona, a diferentes tendencias del conservadurismo, del nacionalismo y del catolicismo opuestas a la izquierda política.</span></p>
<p align="justify"><span style="font-family: Verdana; font-size: medium;"><strong>DESCRIPCION:</strong> Busto de bronce del General Franco en uniforme, de principio de los años 60, sobre doble peana de mármol de forma circular ambas. Mide 30cm con la peana y  20cm la efigie sin la peana, de ancho mide 14 cm, y de fondo 14 cm. Excelente calidad.</span></p>
