{"id":10799,"date":"2017-09-05T11:55:32","date_gmt":"2017-09-05T11:55:32","guid":{"rendered":"https:\/\/original-militaria.com\/?post_type=product&#038;p=10799"},"modified":"2026-03-01T17:29:20","modified_gmt":"2026-03-01T16:29:20","slug":"guerrera-de-cabo-bando-nacional","status":"publish","type":"product","link":"https:\/\/original-militaria.com\/en\/producto\/guerrera-de-cabo-bando-nacional\/","title":{"rendered":"Spain\/ Civil War Uniform&#8211;Guerrera\/Uniforme de Cabo Bando Nacional"},"content":{"rendered":"<p style=\"text-align: justify;\"><span style=\"font-family: verdana, geneva, sans-serif; font-size: 12pt;\"> Guerrera de Cabo color caqui sin insignias (han sido quitadas) de Guerra Civil, bando Nacional,\u00a0botones de madera, los pu\u00f1os de las mangas sin abotonaduras, los galones en las mangas. Le falta un bot\u00f3n. Talla peque\u00f1a, aunque raro de encontrar. <\/span><\/p>\n<p style=\"text-align: justify;\" align=\"justify\">\n","protected":false},"excerpt":{"rendered":"<p align=\"justify\"><span style=\"font-size: medium;\"><span style=\"font-family: Arial;\"><span style=\"font-family: Verdana;\"><strong>ANTECEDENTES:<\/strong> La guerra civil que tuvo lugar en Espa\u00f1a entre el pronunciamiento del 17 y 18 de julio de 1936 y el \u00faltimo parte de guerra firmado por Francisco Franco el 1 de abril de 1939. Los bandos en contienda se denominaron a s\u00ed mismos bando nacional (el vencedor, organizado en torno a los militares sublevados) y bando republicano (el perdedor, que se fue constituyendo en torno al gobierno de la Segunda Rep\u00fablica Espa\u00f1ola, ejercido por el Frente Popular desde las elecciones de febrero de 1936); mientras que recib\u00edan de su contrario los adjetivos de fascista y rojo. <\/span><\/span><\/span><\/p>\n<p><span style=\"font-family: Arial;\"><span style=\"font-family: Verdana;\"><strong>DESCRIPCION:<\/strong> Guerrera de Cabo color caqui sin insignias (han sido quitadas) de Guerra Civil, bando Nacional,\u00a0botones de madera, los pu\u00f1os de las mangas sin abotonaduras, los galones en las mangas. Le falta un bot\u00f3n. Talla peque\u00f1a, aunque raro de encontrar. <\/span><\/span><\/p>\n<p align=\"justify\">\n","protected":false},"featured_media":10800,"template":"","meta":[],"product_brand":[],"product_cat":[194],"product_tag":[],"class_list":{"0":"post-10799","1":"product","2":"type-product","3":"status-publish","4":"has-post-thumbnail","6":"product_cat-guerra-civil","7":"sales-flash-overlay","8":"woocommerce-text-align-center","9":"woocommerce-image-align-center","10":"do-quantity-buttons","12":"first","13":"instock","14":"purchasable","15":"product-type-simple"},"_links":{"self":[{"href":"https:\/\/original-militaria.com\/en\/wp-json\/wp\/v2\/product\/10799","targetHints":{"allow":["GET"]}}],"collection":[{"href":"https:\/\/original-militaria.com\/en\/wp-json\/wp\/v2\/product"}],"about":[{"href":"https:\/\/original-militaria.com\/en\/wp-json\/wp\/v2\/types\/product"}],"wp:featuredmedia":[{"embeddable":true,"href":"https:\/\/original-militaria.com\/en\/wp-json\/wp\/v2\/media\/10800"}],"wp:attachment":[{"href":"https:\/\/original-militaria.com\/en\/wp-json\/wp\/v2\/media?parent=10799"}],"wp:term":[{"taxonomy":"product_brand","embeddable":true,"href":"https:\/\/original-militaria.com\/en\/wp-json\/wp\/v2\/product_brand?post=10799"},{"taxonomy":"product_cat","embeddable":true,"href":"https:\/\/original-militaria.com\/en\/wp-json\/wp\/v2\/product_cat?post=10799"},{"taxonomy":"product_tag","embeddable":true,"href":"https:\/\/original-militaria.com\/en\/wp-json\/wp\/v2\/product_tag?post=10799"}],"curies":[{"name":"wp","href":"https:\/\/api.w.org\/{rel}","templated":true}]}}

<p style="text-align: justify;"><span style="font-family: verdana, geneva, sans-serif; font-size: 12pt;"> Guerrera de Cabo color caqui sin insignias (han sido quitadas) de Guerra Civil, bando Nacional, botones de madera, los puños de las mangas sin abotonaduras, los galones en las mangas. Le falta un botón. Talla pequeña, aunque raro de encontrar. </span></p>
<p style="text-align: justify;" align="justify">

<p align="justify"><span style="font-size: medium;"><span style="font-family: Arial;"><span style="font-family: Verdana;"><strong>ANTECEDENTES:</strong> La guerra civil que tuvo lugar en España entre el pronunciamiento del 17 y 18 de julio de 1936 y el último parte de guerra firmado por Francisco Franco el 1 de abril de 1939. Los bandos en contienda se denominaron a sí mismos bando nacional (el vencedor, organizado en torno a los militares sublevados) y bando republicano (el perdedor, que se fue constituyendo en torno al gobierno de la Segunda República Española, ejercido por el Frente Popular desde las elecciones de febrero de 1936); mientras que recibían de su contrario los adjetivos de fascista y rojo. </span></span></span></p>
<p><span style="font-family: Arial;"><span style="font-family: Verdana;"><strong>DESCRIPCION:</strong> Guerrera de Cabo color caqui sin insignias (han sido quitadas) de Guerra Civil, bando Nacional, botones de madera, los puños de las mangas sin abotonaduras, los galones en las mangas. Le falta un botón. Talla pequeña, aunque raro de encontrar. </span></span></p>
<p align="justify">
